CRAN Package Check Results for Package GADMTools

Last updated on 2021-10-25 00:49:11 CEST.

Flavor Version Tinstall Tcheck Ttotal Status Flags
r-devel-linux-x86_64-debian-clang 3.9-1 17.46 178.71 196.17 OK
r-devel-linux-x86_64-debian-gcc 3.9-1 13.18 135.35 148.53 OK
r-devel-linux-x86_64-fedora-clang 3.9-1 240.75 NOTE
r-devel-linux-x86_64-fedora-gcc 3.9-1 237.13 NOTE
r-devel-windows-x86_64 3.9-1 34.00 496.00 530.00 OK
r-devel-windows-x86_64-gcc10-UCRT 3.9-1 WARN
r-patched-linux-x86_64 3.9-1 22.95 177.56 200.51 OK
r-patched-solaris-x86 3.9-1 245.30 NOTE
r-release-linux-x86_64 3.9-1 15.72 177.40 193.12 OK
r-release-macos-arm64 3.9-1 NOTE
r-release-macos-x86_64 3.9-1 NOTE
r-release-windows-ix86+x86_64 3.9-1 31.00 473.00 504.00 OK
r-oldrel-macos-x86_64 3.9-1 NOTE
r-oldrel-windows-ix86+x86_64 3.9-1 39.00 569.00 608.00 OK

Check Details

Version: 3.9-1
Check: data for non-ASCII characters
Result: NOTE
     Note: found 19 marked UTF-8 strings
Flavors: r-devel-linux-x86_64-fedora-clang, r-devel-linux-x86_64-fedora-gcc, r-devel-windows-x86_64-gcc10-UCRT, r-patched-solaris-x86, r-release-macos-arm64, r-release-macos-x86_64, r-oldrel-macos-x86_64

Version: 3.9-1
Check: re-building of vignette outputs
Result: WARN
    Error(s) in re-building vignettes:
    --- re-building 'GADMTools_GRAPHICS.Rmd' using rmarkdown
    Loading required package: sp
    Loading required package: classInt
    Loading required package: sf
    Linking to GEOS 3.9.1, GDAL 3.3.2, PROJ 7.2.1
    Loading required package: rgdal
    Please note that rgdal will be retired by the end of 2023,
    plan transition to sf/stars/terra functions using GDAL and PROJ
    at your earliest convenience.
    
    rgdal: version: 1.5-27, (SVN revision 1148)
    Geospatial Data Abstraction Library extensions to R successfully loaded
    Loaded GDAL runtime: GDAL 3.3.2, released 2021/09/01
    Path to GDAL shared files: C:/r_packages/pkgcheck/lib/rgdal/gdal
    GDAL binary built with GEOS: TRUE
    Loaded PROJ runtime: Rel. 7.2.1, January 1st, 2021, [PJ_VERSION: 721]
    Path to PROJ shared files: C:/r_packages/pkgcheck/lib/rgdal/proj
    PROJ CDN enabled: FALSE
    Linking to sp version:1.4-5
    To mute warnings of possible GDAL/OSR exportToProj4() degradation,
    use options("rgdal_show_exportToProj4_warnings"="none") before loading sp or rgdal.
    Overwritten PROJ_LIB was C:/r_packages/pkgcheck/lib/rgdal/proj
    
    Attaching package: 'GADMTools'
    
    The following object is masked from 'package:utils':
    
     vignette
    
    old-style crs object detected; please recreate object with a recent sf::st_crs()
    old-style crs object detected; please recreate object with a recent sf::st_crs()
    old-style crs object detected; please recreate object with a recent sf::st_crs()
    old-style crs object detected; please recreate object with a recent sf::st_crs()
    Joining, by = "NAME_4"
    old-style crs object detected; please recreate object with a recent sf::st_crs()
    old-style crs object detected; please recreate object with a recent sf::st_crs()
    old-style crs object detected; please recreate object with a recent sf::st_crs()
    Warning: LaTeX Warning: `h' float specifier changed to `ht'.
    Warning: LaTeX Warning: `h' float specifier changed to `ht'.
    Warning: LaTeX Warning: `h' float specifier changed to `ht'.
    Warning: LaTeX Warning: `h' float specifier changed to `ht'.
    Warning: LaTeX Warning: `h' float specifier changed to `ht'.
    Warning: LaTeX Warning: `h' float specifier changed to `ht'.
    Warning: LaTeX Warning: `h' float specifier changed to `ht'.
    Warning: LaTeX Warning: `h' float specifier changed to `ht'.
    Warning: LaTeX Warning: `h' float specifier changed to `ht'.
    Warning: LaTeX Warning: `h' float specifier changed to `ht'.
    --- finished re-building 'GADMTools_GRAPHICS.Rmd'
    
    --- re-building 'GADMTools_ISO_3166-1_alpha-3.Rmd' using rmarkdown
    ! LaTeX Error: File `tabu.sty' not found.
    
    ! Emergency stop.
    <read *>
    
    Error: processing vignette 'GADMTools_ISO_3166-1_alpha-3.Rmd' failed with diagnostics:
    LaTeX failed to compile C:/r_packages/pkgcheck/CRAN/GADMTools/GADMTools.Rcheck/vign_test/GADMTools/vignettes/GADMTools_ISO_3166-1_alpha-3.tex. See https://yihui.org/tinytex/r/#debugging for debugging tips. See GADMTools_ISO_3166-1_alpha-3.log for more info.
    --- failed re-building 'GADMTools_ISO_3166-1_alpha-3.Rmd'
    
    --- re-building 'GADMTools_Manipulating_Shapefiles.Rmd' using rmarkdown
    Warning: attribute variables are assumed to be spatially constant throughout all geometries
    Warning: LaTeX Warning: `h' float specifier changed to `ht'.
    Warning: LaTeX Warning: `h' float specifier changed to `ht'.
    Warning: LaTeX Warning: `h' float specifier changed to `ht'.
    Warning: LaTeX Warning: `h' float specifier changed to `ht'.
    Warning: LaTeX Warning: `h' float specifier changed to `ht'.
    Warning: LaTeX Warning: `h' float specifier changed to `ht'.
    --- finished re-building 'GADMTools_Manipulating_Shapefiles.Rmd'
    
    SUMMARY: processing the following file failed:
     'GADMTools_ISO_3166-1_alpha-3.Rmd'
    
    Error: Vignette re-building failed.
    Execution halted
Flavor: r-devel-windows-x86_64-gcc10-UCRT