Last updated on 2023-10-05 01:01:44 CEST.
Flavor | Version | Tinstall | Tcheck | Ttotal | Status | Flags |
---|---|---|---|---|---|---|
r-devel-linux-x86_64-debian-clang | 0.9.5 | 4.96 | 33.70 | 38.66 | OK | |
r-devel-linux-x86_64-debian-gcc | 0.9.5 | 3.42 | 26.09 | 29.51 | OK | |
r-devel-linux-x86_64-fedora-clang | 0.9.5 | 47.18 | OK | |||
r-devel-linux-x86_64-fedora-gcc | 0.9.5 | 47.02 | OK | |||
r-devel-windows-x86_64 | 0.9.5 | 6.00 | 49.00 | 55.00 | OK | |
r-patched-linux-x86_64 | 0.9.5 | 3.90 | 33.22 | 37.12 | OK | |
r-release-linux-x86_64 | 0.9.5 | 4.67 | 33.35 | 38.02 | OK | |
r-release-macos-arm64 | 0.9.5 | 21.00 | OK | |||
r-release-macos-x86_64 | 0.9.5 | 27.00 | NOTE | |||
r-release-windows-x86_64 | 0.9.5 | 9.00 | 52.00 | 61.00 | OK | |
r-oldrel-macos-arm64 | 0.9.5 | 19.00 | OK | |||
r-oldrel-macos-x86_64 | 0.9.5 | 26.00 | OK | |||
r-oldrel-windows-x86_64 | 0.9.5 | 8.00 | 57.00 | 65.00 | OK |
Version: 0.9.5
Check: package dependencies
Result: NOTE
Package suggested but not available for checking: ‘caret’
Flavor: r-release-macos-x86_64