CRAN Package Check Results for Package GCD

Last updated on 2021-10-19 00:49:17 CEST.

Flavor Version Tinstall Tcheck Ttotal Status Flags
r-devel-linux-x86_64-debian-clang 4.0.7 2.08 35.36 37.44 OK
r-devel-linux-x86_64-debian-gcc 4.0.7 1.63 28.13 29.76 OK
r-devel-linux-x86_64-fedora-clang 4.0.7 56.29 NOTE
r-devel-linux-x86_64-fedora-gcc 4.0.7 45.43 NOTE
r-devel-windows-x86_64 4.0.7 4.00 58.00 62.00 OK
r-devel-windows-x86_64-gcc10-UCRT 4.0.7 NOTE
r-patched-linux-x86_64 4.0.7 2.23 35.02 37.25 OK
r-patched-solaris-x86 4.0.7 62.00 NOTE
r-release-linux-x86_64 4.0.7 1.84 34.64 36.48 OK
r-release-macos-arm64 4.0.7 NOTE
r-release-macos-x86_64 4.0.7 NOTE
r-release-windows-ix86+x86_64 4.0.7 4.00 55.00 59.00 OK
r-oldrel-macos-x86_64 4.0.7 NOTE
r-oldrel-windows-ix86+x86_64 4.0.7 5.00 48.00 53.00 OK

Check Details

Version: 4.0.7
Check: dependencies in R code
Result: NOTE
    Namespace in Imports field not imported from: ‘raster’
     All declared Imports should be used.
Flavors: r-devel-linux-x86_64-fedora-clang, r-devel-linux-x86_64-fedora-gcc, r-devel-windows-x86_64-gcc10-UCRT, r-patched-solaris-x86, r-release-macos-arm64, r-release-macos-x86_64, r-oldrel-macos-x86_64

Version: 4.0.7
Check: data for non-ASCII characters
Result: NOTE
     Note: found 103 marked UTF-8 strings
Flavors: r-devel-linux-x86_64-fedora-clang, r-devel-linux-x86_64-fedora-gcc, r-devel-windows-x86_64-gcc10-UCRT, r-patched-solaris-x86, r-release-macos-arm64, r-release-macos-x86_64, r-oldrel-macos-x86_64