CRAN Package Check Results for Package GCPM

Last updated on 2024-06-14 00:53:43 CEST.

Flavor Version Tinstall Tcheck Ttotal Status Flags
r-devel-linux-x86_64-debian-clang 1.2.2 20.43 55.44 75.87 OK
r-devel-linux-x86_64-debian-gcc 1.2.2 14.35 41.15 55.50 OK
r-devel-linux-x86_64-fedora-clang 1.2.2 98.46 NOTE
r-devel-linux-x86_64-fedora-gcc 1.2.2 95.84 NOTE
r-devel-windows-x86_64 1.2.2 18.00 91.00 109.00 OK
r-patched-linux-x86_64 1.2.2 19.83 53.76 73.59 OK
r-release-linux-x86_64 1.2.2 20.79 53.84 74.63 OK
r-release-macos-arm64 1.2.2 30.00 OK
r-release-macos-x86_64 1.2.2 55.00 OK
r-release-windows-x86_64 1.2.2 18.00 93.00 111.00 OK
r-oldrel-macos-arm64 1.2.2 35.00 OK
r-oldrel-macos-x86_64 1.2.2 54.00 OK
r-oldrel-windows-x86_64 1.2.2 18.00 103.00 121.00 OK

Check Details

Version: 1.2.2
Check: compiled code
Result: NOTE File ‘GCPM/libs/GCPM.so’: Found no calls to: ‘R_registerRoutines’, ‘R_useDynamicSymbols’ It is good practice to register native routines and to disable symbol search. See ‘Writing portable packages’ in the ‘Writing R Extensions’ manual. Flavors: r-devel-linux-x86_64-fedora-clang, r-devel-linux-x86_64-fedora-gcc