CRAN Package Check Results for Package GD

Last updated on 2021-12-03 00:48:41 CET.

Flavor Version Tinstall Tcheck Ttotal Status Flags
r-devel-linux-x86_64-debian-clang 1.10 4.51 31.93 36.44 OK
r-devel-linux-x86_64-debian-gcc 1.10 3.44 24.95 28.39 OK
r-devel-linux-x86_64-fedora-clang 1.10 55.71 NOTE
r-devel-linux-x86_64-fedora-gcc 1.10 44.40 NOTE
r-devel-windows-x86_64-new-UL 1.10 13.00 73.00 86.00 OK
r-devel-windows-x86_64-new-TK 1.10 NOTE
r-devel-windows-x86_64-old 1.10 8.00 40.00 48.00 OK
r-patched-linux-x86_64 1.10 4.32 30.22 34.54 OK
r-patched-solaris-x86 1.10 63.20 NOTE
r-release-linux-x86_64 1.10 4.39 30.25 34.64 OK
r-release-macos-arm64 1.10 NOTE
r-release-macos-x86_64 1.10 NOTE
r-release-windows-ix86+x86_64 1.10 9.00 49.00 58.00 OK
r-oldrel-macos-x86_64 1.10 NOTE
r-oldrel-windows-ix86+x86_64 1.10 10.00 57.00 67.00 OK

Check Details

Version: 1.10
Check: dependencies in R code
Result: NOTE
    Namespace in Imports field not imported from: ‘badger’
     All declared Imports should be used.
Flavors: r-devel-linux-x86_64-fedora-clang, r-devel-linux-x86_64-fedora-gcc, r-devel-windows-x86_64-new-TK, r-patched-solaris-x86, r-release-macos-arm64, r-release-macos-x86_64, r-oldrel-macos-x86_64