Last updated on 2023-09-26 01:06:22 CEST.
Flavor | Version | Tinstall | Tcheck | Ttotal | Status | Flags |
---|---|---|---|---|---|---|
r-devel-linux-x86_64-debian-clang | 2.9.4 | 260.05 | 130.59 | 390.64 | OK | |
r-devel-linux-x86_64-debian-gcc | 2.9.4 | 183.52 | 96.10 | 279.62 | OK | |
r-devel-linux-x86_64-fedora-clang | 2.9.4 | 566.20 | OK | |||
r-devel-linux-x86_64-fedora-gcc | 2.9.4 | 587.17 | OK | |||
r-devel-windows-x86_64 | 2.9.4 | 192.00 | 137.00 | 329.00 | OK | |
r-patched-linux-x86_64 | 2.9.4 | 219.70 | 122.63 | 342.33 | OK | |
r-release-linux-x86_64 | 2.9.4 | 190.17 | 122.70 | 312.87 | OK | |
r-release-macos-arm64 | 2.9.4 | 103.00 | NOTE | |||
r-release-macos-x86_64 | 2.9.4 | 181.00 | NOTE | |||
r-release-windows-x86_64 | 2.9.4 | 256.00 | 167.00 | 423.00 | OK | |
r-oldrel-macos-arm64 | 2.9.4 | 102.00 | NOTE | |||
r-oldrel-macos-x86_64 | 2.9.4 | 154.00 | NOTE | |||
r-oldrel-windows-x86_64 | 2.9.4 | 244.00 | 151.00 | 395.00 | OK |
Version: 2.9.4
Check: installed package size
Result: NOTE
installed size is 12.9Mb
sub-directories of 1Mb or more:
libs 11.9Mb
Flavors: r-release-macos-arm64, r-release-macos-x86_64, r-oldrel-macos-arm64, r-oldrel-macos-x86_64