CRAN Package Check Results for Package GDSARM

Last updated on 2024-07-24 00:53:50 CEST.

Flavor Version Tinstall Tcheck Ttotal Status Flags
r-devel-linux-x86_64-debian-clang 0.1.1 2.37 30.57 32.94 NOTE
r-devel-linux-x86_64-debian-gcc 0.1.1 1.76 22.75 24.51 NOTE
r-devel-linux-x86_64-fedora-clang 0.1.1 41.00 NOTE
r-devel-linux-x86_64-fedora-gcc 0.1.1 38.98 NOTE
r-devel-windows-x86_64 0.1.1 3.00 54.00 57.00 NOTE
r-patched-linux-x86_64 0.1.1 2.78 28.79 31.57 NOTE
r-release-linux-x86_64 0.1.1 1.74 29.12 30.86 NOTE
r-release-macos-arm64 0.1.1 16.00 NOTE
r-release-macos-x86_64 0.1.1 26.00 NOTE
r-release-windows-x86_64 0.1.1 4.00 47.00 51.00 NOTE
r-oldrel-macos-arm64 0.1.1 18.00 OK
r-oldrel-macos-x86_64 0.1.1 26.00 OK
r-oldrel-windows-x86_64 0.1.1 3.00 51.00 54.00 OK

Check Details

Version: 0.1.1
Check: Rd files
Result: NOTE checkRd: (-1) GDSARM.Rd:7: Lost braces 7 | Cand{\`e}s, E. and Tao, T. (2007). The Dantzig selector: Statistical estimation when p is much | ^ checkRd: (-1) GDSARM.Rd:10: Lost braces 10 | Dopico-Garc{\' i}a, M.S., Valentao, P., Guerra, L., Andrade, P. B., and Seabra, R. M. (2007). | ^ checkRd: (-1) GDS_givencols.Rd:7: Lost braces 7 | Cand{\`e}s, E. and Tao, T. (2007). The Dantzig selector: Statistical estimation when p is much | ^ checkRd: (-1) GDS_givencols.Rd:10: Lost braces 10 | Dopico-Garc{\' i}a, M.S., Valentao, P., Guerra, L., Andrade, P. B., and Seabra, R. M. (2007). | ^ checkRd: (-1) dantzig.delta.Rd:7: Lost braces 7 | Cand{\`e}s, E. and Tao, T. (2007). The Dantzig selector: Statistical estimation when p is much | ^ checkRd: (-1) dantzigS.Rd:7: Lost braces 7 | Cand{\`e}s, E. and Tao, T. (2007). The Dantzig selector: Statistical estimation when p is much | ^ checkRd: (-1) dataCompoundExt.Rd:6: Lost braces 6 | \title{Compound Extraction experiment of Dopico-Garc{\' i}a et al. (2007)} | ^ checkRd: (-1) dataCompoundExt.Rd:35: Lost braces 35 | An analytical experiment conducted by Dopico-Garc{\' i}a et al. (2007) to | ^ checkRd: (-1) dataCompoundExt.Rd:22: Lost braces 22 | Dopico-Garc{\' i}a, M.S., Valentao, P., Guerra, L., Andrade, P. B., and Seabra, R. M. (2007). | ^ Flavors: r-devel-linux-x86_64-debian-clang, r-devel-linux-x86_64-debian-gcc, r-devel-linux-x86_64-fedora-clang, r-devel-linux-x86_64-fedora-gcc, r-devel-windows-x86_64, r-patched-linux-x86_64, r-release-linux-x86_64, r-release-macos-arm64, r-release-macos-x86_64, r-release-windows-x86_64