Last updated on 2023-05-28 00:56:17 CEST.
Flavor | Version | Tinstall | Tcheck | Ttotal | Status | Flags |
---|---|---|---|---|---|---|
r-devel-linux-x86_64-debian-clang | 1.0.2 | 50.68 | 29.37 | 80.05 | OK | |
r-devel-linux-x86_64-debian-gcc | 1.0.2 | 39.93 | 22.88 | 62.81 | OK | |
r-devel-linux-x86_64-fedora-clang | 1.0.2 | 109.44 | NOTE | |||
r-devel-linux-x86_64-fedora-gcc | 1.0.2 | 115.56 | NOTE | |||
r-devel-windows-x86_64 | 1.0.2 | 38.00 | 70.00 | 108.00 | OK | |
r-patched-linux-x86_64 | 1.0.2 | 41.91 | 28.18 | 70.09 | OK | |
r-release-linux-x86_64 | 1.0.2 | 41.20 | 28.36 | 69.56 | OK | |
r-release-macos-arm64 | 1.0.2 | 35.00 | OK | |||
r-release-macos-x86_64 | 1.0.2 | 54.00 | OK | |||
r-release-windows-x86_64 | 1.0.2 | 47.00 | 75.00 | 122.00 | OK | |
r-oldrel-macos-arm64 | 1.0.2 | 35.00 | OK | |||
r-oldrel-macos-x86_64 | 1.0.2 | 44.00 | OK | |||
r-oldrel-windows-x86_64 | 1.0.2 | 46.00 | 70.00 | 116.00 | OK |
Version: 1.0.2
Check: compiled code
Result: NOTE
File ‘GEEaSPU/libs/GEEaSPU.so’:
Found no calls to: ‘R_registerRoutines’, ‘R_useDynamicSymbols’
It is good practice to register native routines and to disable symbol
search.
See ‘Writing portable packages’ in the ‘Writing R Extensions’ manual.
Flavors: r-devel-linux-x86_64-fedora-clang, r-devel-linux-x86_64-fedora-gcc