CRAN Package Check Results for Package GEVACO

Last updated on 2021-10-18 00:48:14 CEST.

Flavor Version Tinstall Tcheck Ttotal Status Flags
r-devel-linux-x86_64-debian-clang 1.0.0 8.26 75.11 83.37 WARN
r-devel-linux-x86_64-debian-gcc 1.0.0 6.83 58.33 65.16 WARN
r-devel-linux-x86_64-fedora-clang 1.0.0 110.64 WARN
r-devel-linux-x86_64-fedora-gcc 1.0.0 99.20 WARN
r-devel-windows-x86_64 1.0.0 13.00 102.00 115.00 WARN
r-devel-windows-x86_64-gcc10-UCRT 1.0.0 WARN
r-patched-linux-x86_64 1.0.0 7.38 73.27 80.65 WARN
r-patched-solaris-x86 1.0.0 149.20 OK
r-release-linux-x86_64 1.0.0 8.07 72.74 80.81 WARN
r-release-macos-arm64 1.0.0 OK
r-release-macos-x86_64 1.0.0 OK
r-release-windows-ix86+x86_64 1.0.0 14.00 101.00 115.00 WARN
r-oldrel-macos-x86_64 1.0.0 OK
r-oldrel-windows-ix86+x86_64 1.0.0 20.00 97.00 117.00 WARN

Check Details

Version: 1.0.0
Check: re-building of vignette outputs
Result: WARN
    Error(s) in re-building vignettes:
     ...
    --- re-building 'GEVACO_Intro.Rmd' using rmarkdown
    Quitting from lines 24-38 (GEVACO_Intro.Rmd)
    Error: processing vignette 'GEVACO_Intro.Rmd' failed with diagnostics:
    attempt to use zero-length variable name
    --- failed re-building 'GEVACO_Intro.Rmd'
    
    SUMMARY: processing the following file failed:
     'GEVACO_Intro.Rmd'
    
    Error: Vignette re-building failed.
    Execution halted
Flavors: r-devel-linux-x86_64-debian-clang, r-devel-linux-x86_64-debian-gcc, r-patched-linux-x86_64, r-release-linux-x86_64

Version: 1.0.0
Check: re-building of vignette outputs
Result: WARN
    Error(s) in re-building vignettes:
    --- re-building ‘GEVACO_Intro.Rmd’ using rmarkdown
    Quitting from lines 24-38 (GEVACO_Intro.Rmd)
    Error: processing vignette 'GEVACO_Intro.Rmd' failed with diagnostics:
    attempt to use zero-length variable name
    --- failed re-building ‘GEVACO_Intro.Rmd’
    
    SUMMARY: processing the following file failed:
     ‘GEVACO_Intro.Rmd’
    
    Error: Vignette re-building failed.
    Execution halted
Flavors: r-devel-linux-x86_64-fedora-clang, r-devel-linux-x86_64-fedora-gcc, r-devel-windows-x86_64, r-devel-windows-x86_64-gcc10-UCRT, r-release-windows-ix86+x86_64, r-oldrel-windows-ix86+x86_64