CRAN Package Check Results for Package GGMnonreg

Last updated on 2021-10-24 00:50:58 CEST.

Flavor Version Tinstall Tcheck Ttotal Status Flags
r-devel-linux-x86_64-debian-clang 1.0.0 11.80 111.04 122.84 OK
r-devel-linux-x86_64-debian-gcc 1.0.0 10.00 84.23 94.23 OK
r-devel-linux-x86_64-fedora-clang 1.0.0 166.19 NOTE
r-devel-linux-x86_64-fedora-gcc 1.0.0 150.57 NOTE
r-devel-windows-x86_64 1.0.0 19.00 156.00 175.00 OK
r-devel-windows-x86_64-gcc10-UCRT 1.0.0 NOTE
r-patched-linux-x86_64 1.0.0 13.57 97.59 111.16 OK
r-patched-solaris-x86 1.0.0 194.60 NOTE
r-release-linux-x86_64 1.0.0 10.35 96.29 106.64 OK
r-release-macos-arm64 1.0.0 NOTE
r-release-macos-x86_64 1.0.0 NOTE
r-release-windows-ix86+x86_64 1.0.0 20.00 132.00 152.00 OK
r-oldrel-macos-x86_64 1.0.0 NOTE
r-oldrel-windows-ix86+x86_64 1.0.0 28.00 133.00 161.00 OK

Check Details

Version: 1.0.0
Check: dependencies in R code
Result: NOTE
    Namespaces in Imports field not imported from:
     ‘Matrix’ ‘Rdpack’
     All declared Imports should be used.
Flavors: r-devel-linux-x86_64-fedora-clang, r-devel-linux-x86_64-fedora-gcc, r-devel-windows-x86_64-gcc10-UCRT, r-patched-solaris-x86, r-release-macos-arm64, r-release-macos-x86_64, r-oldrel-macos-x86_64