Last updated on 2023-06-03 00:57:09 CEST.
Flavor | Version | Tinstall | Tcheck | Ttotal | Status | Flags |
---|---|---|---|---|---|---|
r-devel-linux-x86_64-debian-clang | 3.0.0 | 21.10 | 166.52 | 187.62 | OK | |
r-devel-linux-x86_64-debian-gcc | 3.0.0 | 18.40 | 122.24 | 140.64 | OK | |
r-devel-linux-x86_64-fedora-clang | 3.0.0 | 232.98 | NOTE | |||
r-devel-linux-x86_64-fedora-gcc | 3.0.0 | 253.69 | NOTE | |||
r-devel-windows-x86_64 | 3.0.0 | 20.00 | 134.00 | 154.00 | OK | |
r-patched-linux-x86_64 | 3.0.0 | OK | ||||
r-release-linux-x86_64 | 3.0.0 | 19.02 | 156.24 | 175.26 | OK | |
r-release-macos-arm64 | 3.0.0 | 68.00 | OK | |||
r-release-macos-x86_64 | 3.0.0 | 113.00 | OK | |||
r-release-windows-x86_64 | 3.0.0 | 27.00 | 167.00 | 194.00 | OK | |
r-oldrel-macos-arm64 | 3.0.0 | 57.00 | NOTE | |||
r-oldrel-macos-x86_64 | 3.0.0 | 76.00 | NOTE | |||
r-oldrel-windows-x86_64 | 3.0.0 | 26.00 | 161.00 | 187.00 | OK |
Version: 3.0.0
Check: dependencies in R code
Result: NOTE
Namespace in Imports field not imported from: ‘class’
All declared Imports should be used.
Flavors: r-devel-linux-x86_64-fedora-clang, r-devel-linux-x86_64-fedora-gcc, r-oldrel-macos-arm64, r-oldrel-macos-x86_64