CRAN Package Check Results for Package GLMcat

Last updated on 2021-10-17 00:48:38 CEST.

Flavor Version Tinstall Tcheck Ttotal Status Flags
r-devel-linux-x86_64-debian-clang 0.2.4 139.15 45.75 184.90 OK
r-devel-linux-x86_64-debian-gcc 0.2.4 116.87 38.28 155.15 OK
r-devel-linux-x86_64-fedora-clang 0.2.4 296.70 NOTE
r-devel-linux-x86_64-fedora-gcc 0.2.4 275.48 OK
r-devel-windows-x86_64 0.2.4 148.00 74.00 222.00 OK
r-devel-windows-x86_64-gcc10-UCRT 0.2.4 OK
r-patched-linux-x86_64 0.2.4 140.06 48.24 188.30 OK
r-patched-solaris-x86 0.2.4 210.50 OK
r-release-linux-x86_64 0.2.4 136.68 48.22 184.90 OK
r-release-macos-arm64 0.2.4 NOTE
r-release-macos-x86_64 0.2.4 NOTE
r-release-windows-ix86+x86_64 0.2.4 257.00 121.00 378.00 OK
r-oldrel-macos-x86_64 0.2.4 NOTE
r-oldrel-windows-ix86+x86_64 0.2.4 347.00 128.00 475.00 OK

Check Details

Version: 0.2.4
Check: installed package size
Result: NOTE
     installed size is 17.4Mb
     sub-directories of 1Mb or more:
     libs 17.0Mb
Flavors: r-devel-linux-x86_64-fedora-clang, r-release-macos-arm64, r-release-macos-x86_64, r-oldrel-macos-x86_64