Last updated on 2023-05-29 00:59:35 CEST.
Flavor | Version | Tinstall | Tcheck | Ttotal | Status | Flags |
---|---|---|---|---|---|---|
r-devel-linux-x86_64-debian-clang | 1.1.3 | 14.80 | 84.83 | 99.63 | OK | |
r-devel-linux-x86_64-debian-gcc | 1.1.3 | 13.46 | 63.12 | 76.58 | OK | |
r-devel-linux-x86_64-fedora-clang | 1.1.3 | 128.15 | NOTE | |||
r-devel-linux-x86_64-fedora-gcc | 1.1.3 | 127.44 | OK | |||
r-devel-windows-x86_64 | 1.1.3 | 13.00 | 74.00 | 87.00 | OK | |
r-patched-linux-x86_64 | 1.1.3 | 11.33 | 79.78 | 91.11 | OK | |
r-release-linux-x86_64 | 1.1.3 | 16.64 | 80.97 | 97.61 | OK | |
r-release-macos-arm64 | 1.1.3 | 33.00 | OK | |||
r-release-macos-x86_64 | 1.1.3 | 62.00 | NOTE | |||
r-release-windows-x86_64 | 1.1.3 | 18.00 | 73.00 | 91.00 | OK | |
r-oldrel-macos-arm64 | 1.1.3 | 30.00 | OK | |||
r-oldrel-macos-x86_64 | 1.1.3 | 44.00 | OK | |||
r-oldrel-windows-x86_64 | 1.1.3 | 18.00 | 93.00 | 111.00 | OK |
Version: 1.1.3
Check: Rd cross-references
Result: NOTE
Undeclared package ‘glmmLasso’ in Rd xrefs
Flavor: r-devel-linux-x86_64-fedora-clang
Version: 1.1.3
Check: Rd cross-references
Result: NOTE
Package unavailable to check Rd xrefs: ‘glmmLasso’
Flavor: r-release-macos-x86_64