Last updated on 2023-12-02 00:51:57 CET.
Flavor | Version | Tinstall | Tcheck | Ttotal | Status | Flags |
---|---|---|---|---|---|---|
r-devel-linux-x86_64-debian-clang | 0.1.0 | 5.32 | 65.83 | 71.15 | NOTE | |
r-devel-linux-x86_64-debian-gcc | 0.1.0 | 4.03 | 49.11 | 53.14 | NOTE | |
r-devel-linux-x86_64-fedora-clang | 0.1.0 | 85.73 | NOTE | |||
r-devel-linux-x86_64-fedora-gcc | 0.1.0 | 82.87 | NOTE | |||
r-devel-windows-x86_64 | 0.1.0 | 5.00 | 66.00 | 71.00 | NOTE | |
r-patched-linux-x86_64 | 0.1.0 | 5.15 | 62.65 | 67.80 | NOTE | |
r-release-linux-x86_64 | 0.1.0 | 4.41 | 62.65 | 67.06 | NOTE | |
r-release-macos-arm64 | 0.1.0 | 27.00 | NOTE | |||
r-release-macos-x86_64 | 0.1.0 | 43.00 | NOTE | |||
r-release-windows-x86_64 | 0.1.0 | 6.00 | 76.00 | 82.00 | NOTE | |
r-oldrel-macos-arm64 | 0.1.0 | 27.00 | NOTE | |||
r-oldrel-macos-x86_64 | 0.1.0 | 37.00 | NOTE | |||
r-oldrel-windows-x86_64 | 0.1.0 | 6.00 | 81.00 | 87.00 | NOTE |
Version: 0.1.0
Check: LazyData
Result: NOTE
'LazyData' is specified without a 'data' directory
Flavors: r-devel-linux-x86_64-debian-clang, r-devel-linux-x86_64-debian-gcc, r-devel-linux-x86_64-fedora-clang, r-devel-linux-x86_64-fedora-gcc, r-devel-windows-x86_64, r-patched-linux-x86_64, r-release-linux-x86_64, r-release-macos-arm64, r-release-macos-x86_64, r-release-windows-x86_64, r-oldrel-macos-arm64, r-oldrel-macos-x86_64, r-oldrel-windows-x86_64