CRAN Package Check Results for Package GPUmatrix

Last updated on 2024-07-24 00:53:51 CEST.

Flavor Version Tinstall Tcheck Ttotal Status Flags
r-devel-linux-x86_64-debian-clang 1.0.2 16.17 119.94 136.11 OK
r-devel-linux-x86_64-debian-gcc 1.0.2 14.54 89.58 104.12 NOTE
r-devel-linux-x86_64-fedora-clang 1.0.2 170.72 NOTE
r-devel-linux-x86_64-fedora-gcc 1.0.2 173.19 OK
r-devel-windows-x86_64 1.0.2 21.00 114.00 135.00 NOTE
r-patched-linux-x86_64 1.0.2 18.25 115.51 133.76 OK
r-release-linux-x86_64 1.0.2 18.04 111.47 129.51 OK
r-release-macos-arm64 1.0.2 54.00 OK
r-release-macos-x86_64 1.0.2 87.00 OK
r-release-windows-x86_64 1.0.2 21.00 115.00 136.00 OK
r-oldrel-macos-arm64 1.0.2 60.00 OK
r-oldrel-macos-x86_64 1.0.2 157.00 OK
r-oldrel-windows-x86_64 1.0.2 22.00 135.00 157.00 OK

Check Details

Version: 1.0.2
Check: Rd cross-references
Result: NOTE Found the following Rd file(s) with Rd \link{} targets missing package anchors: LR_GradientConjugate_gpumatrix.Rd: Matrix-class gpu.matrix-class.Rd: Matrix-class gpu.matrix.Rd: Matrix-class matrix-product.Rd: %&% Please provide package anchors for all Rd \link{} targets not in the package itself and the base packages. Flavors: r-devel-linux-x86_64-debian-gcc, r-devel-windows-x86_64

Version: 1.0.2
Check: Rd cross-references
Result: NOTE Undeclared package ‘speedglm’ in Rd xrefs Flavor: r-devel-linux-x86_64-fedora-clang