Last updated on 2023-09-24 00:56:43 CEST.
Flavor | Version | Tinstall | Tcheck | Ttotal | Status | Flags |
---|---|---|---|---|---|---|
r-devel-linux-x86_64-debian-clang | 0.1.2 | 43.06 | 399.60 | 442.66 | NOTE | |
r-devel-linux-x86_64-debian-gcc | 0.1.2 | 35.45 | 316.90 | 352.35 | NOTE | |
r-devel-linux-x86_64-fedora-clang | 0.1.2 | 526.97 | NOTE | |||
r-devel-linux-x86_64-fedora-gcc | 0.1.2 | 556.16 | NOTE | |||
r-devel-windows-x86_64 | 0.1.2 | 36.00 | 280.00 | 316.00 | NOTE | |
r-patched-linux-x86_64 | 0.1.2 | 39.89 | 379.20 | 419.09 | OK | |
r-release-linux-x86_64 | 0.1.2 | 33.28 | 382.06 | 415.34 | OK | |
r-release-macos-arm64 | 0.1.2 | 167.00 | OK | |||
r-release-macos-x86_64 | 0.1.2 | 253.00 | OK | |||
r-release-windows-x86_64 | 0.1.2 | 50.00 | 370.00 | 420.00 | OK | |
r-oldrel-macos-arm64 | 0.1.2 | 156.00 | OK | |||
r-oldrel-macos-x86_64 | 0.1.2 | 187.00 | OK | |||
r-oldrel-windows-x86_64 | 0.1.2 | 53.00 | 349.00 | 402.00 | OK |
Version: 0.1.2
Check: Rd \usage sections
Result: NOTE
Documented arguments not in \usage in documentation object 'load_map':
‘unity’
Functions with \usage entries need to have the appropriate \alias
entries, and all their arguments documented.
The \usage entries must correspond to syntactically valid R code.
See chapter ‘Writing R documentation files’ in the ‘Writing R
Extensions’ manual.
Flavors: r-devel-linux-x86_64-debian-clang, r-devel-linux-x86_64-debian-gcc, r-devel-linux-x86_64-fedora-clang, r-devel-linux-x86_64-fedora-gcc, r-devel-windows-x86_64