CRAN Package Check Results for Package GSE

Last updated on 2024-06-13 00:55:16 CEST.

Flavor Version Tinstall Tcheck Ttotal Status Flags
r-devel-linux-x86_64-debian-clang 4.2-1 95.71 82.97 178.68 OK
r-devel-linux-x86_64-debian-gcc 4.2-1 0.35 1.71 2.06 ERROR
r-devel-linux-x86_64-fedora-clang 4.2-1 253.65 OK
r-devel-linux-x86_64-fedora-gcc 4.2-1 260.44 OK
r-devel-windows-x86_64 4.2-1 81.00 101.00 182.00 OK
r-patched-linux-x86_64 4.2-1 86.16 80.62 166.78 OK
r-release-linux-x86_64 4.2-1 85.93 80.98 166.91 OK
r-release-macos-arm64 4.2-1 57.00 OK
r-release-macos-x86_64 4.2-1 88.00 NOTE
r-release-windows-x86_64 4.2-1 79.00 104.00 183.00 OK
r-oldrel-macos-arm64 4.2-1 68.00 NOTE
r-oldrel-macos-x86_64 4.2-1 112.00 NOTE
r-oldrel-windows-x86_64 4.2-1 97.00 122.00 219.00 OK

Check Details

Version: 4.2-1
Check: package dependencies
Result: ERROR Packages required but not available: 'cellWise', 'ggplot2' See section ‘The DESCRIPTION file’ in the ‘Writing R Extensions’ manual. Flavor: r-devel-linux-x86_64-debian-gcc

Version: 4.2-1
Check: installed package size
Result: NOTE installed size is 5.2Mb sub-directories of 1Mb or more: libs 4.6Mb Flavors: r-release-macos-x86_64, r-oldrel-macos-arm64, r-oldrel-macos-x86_64