CRAN Package Check Results for Package GUIProfiler

Last updated on 2021-10-19 00:49:18 CEST.

Flavor Version Tinstall Tcheck Ttotal Status Flags
r-devel-linux-x86_64-debian-clang 2.0.1 5.31 56.75 62.06 NOTE
r-devel-linux-x86_64-debian-gcc 2.0.1 4.31 44.80 49.11 NOTE
r-devel-linux-x86_64-fedora-clang 2.0.1 82.21 NOTE
r-devel-linux-x86_64-fedora-gcc 2.0.1 73.10 NOTE
r-devel-windows-x86_64 2.0.1 8.00 80.00 88.00 OK
r-devel-windows-x86_64-gcc10-UCRT 2.0.1 OK
r-patched-linux-x86_64 2.0.1 5.07 56.15 61.22 NOTE
r-patched-solaris-x86 2.0.1 140.60 NOTE
r-release-linux-x86_64 2.0.1 5.23 55.47 60.70 NOTE
r-release-macos-arm64 2.0.1 OK
r-release-macos-x86_64 2.0.1 OK
r-release-windows-ix86+x86_64 2.0.1 9.00 87.00 96.00 OK
r-oldrel-macos-x86_64 2.0.1 OK
r-oldrel-windows-ix86+x86_64 2.0.1 13.00 77.00 90.00 OK

Check Details

Version: 2.0.1
Check: for non-standard things in the check directory
Result: NOTE
    Found the following files/directories:
     'RRprof.out'
Flavors: r-devel-linux-x86_64-debian-clang, r-devel-linux-x86_64-debian-gcc, r-devel-linux-x86_64-fedora-clang, r-devel-linux-x86_64-fedora-gcc, r-patched-linux-x86_64, r-patched-solaris-x86, r-release-linux-x86_64