Last updated on 2023-06-09 00:54:23 CEST.
Flavor | Version | Tinstall | Tcheck | Ttotal | Status | Flags |
---|---|---|---|---|---|---|
r-devel-linux-x86_64-debian-clang | 1.7 | 36.19 | 179.21 | 215.40 | OK | |
r-devel-linux-x86_64-debian-gcc | 1.7 | 26.44 | 130.49 | 156.93 | OK | |
r-devel-linux-x86_64-fedora-clang | 1.7 | 286.82 | NOTE | |||
r-devel-linux-x86_64-fedora-gcc | 1.7 | 298.41 | OK | |||
r-devel-windows-x86_64 | 1.7 | 30.00 | 163.00 | 193.00 | OK | |
r-patched-linux-x86_64 | 1.7 | 35.35 | 166.90 | 202.25 | OK | |
r-release-linux-x86_64 | 1.7 | 31.29 | 167.04 | 198.33 | OK | |
r-release-macos-arm64 | 1.7 | 85.00 | OK | |||
r-release-macos-x86_64 | 1.7 | 143.00 | NOTE | |||
r-release-windows-x86_64 | 1.7 | 39.00 | 199.00 | 238.00 | OK | |
r-oldrel-macos-arm64 | 1.7 | 83.00 | OK | |||
r-oldrel-macos-x86_64 | 1.7 | 107.00 | OK | |||
r-oldrel-windows-x86_64 | 1.7 | 38.00 | 192.00 | 230.00 | OK |
Version: 1.7
Check: Rd cross-references
Result: NOTE
Undeclared package ‘permute’ in Rd xrefs
Flavor: r-devel-linux-x86_64-fedora-clang
Version: 1.7
Check: package dependencies
Result: NOTE
Package suggested but not available for checking: ‘ggpubr’
Flavor: r-release-macos-x86_64