Last updated on 2023-09-26 01:06:23 CEST.
Flavor | Version | Tinstall | Tcheck | Ttotal | Status | Flags |
---|---|---|---|---|---|---|
r-devel-linux-x86_64-debian-clang | 0.1.7 | 16.04 | 118.78 | 134.82 | OK | |
r-devel-linux-x86_64-debian-gcc | 0.1.7 | 9.63 | 89.36 | 98.99 | OK | |
r-devel-linux-x86_64-fedora-clang | 0.1.7 | 163.27 | OK | |||
r-devel-linux-x86_64-fedora-gcc | 0.1.7 | 166.87 | OK | |||
r-devel-windows-x86_64 | 0.1.7 | 10.00 | 103.00 | 113.00 | OK | |
r-patched-linux-x86_64 | 0.1.7 | 11.46 | 115.83 | 127.29 | OK | |
r-release-linux-x86_64 | 0.1.7 | 12.06 | 115.39 | 127.45 | OK | |
r-release-macos-arm64 | 0.1.7 | 5.00 | ERROR | |||
r-release-macos-x86_64 | 0.1.7 | 97.00 | OK | |||
r-release-windows-x86_64 | 0.1.7 | 11.00 | 122.00 | 133.00 | OK | |
r-oldrel-macos-arm64 | 0.1.7 | 45.00 | OK | |||
r-oldrel-macos-x86_64 | 0.1.7 | 61.00 | OK | |||
r-oldrel-windows-x86_64 | 0.1.7 | 16.00 | 126.00 | 142.00 | OK |
Version: 0.1.7
Check: package dependencies
Result: ERROR
Package required but not available: ‘snpStats’
See section ‘The DESCRIPTION file’ in the ‘Writing R Extensions’
manual.
Flavor: r-release-macos-arm64