CRAN Package Check Results for Package GWASbyCluster

Last updated on 2024-07-20 00:56:50 CEST.

Flavor Version Tinstall Tcheck Ttotal Status Flags
r-devel-linux-x86_64-debian-clang 0.1.7 12.26 119.92 132.18 NOTE
r-devel-linux-x86_64-debian-gcc 0.1.7 10.48 86.12 96.60 NOTE
r-devel-linux-x86_64-fedora-clang 0.1.7 159.79 NOTE
r-devel-linux-x86_64-fedora-gcc 0.1.7 153.00 NOTE
r-devel-windows-x86_64 0.1.7 10.00 99.00 109.00 NOTE
r-patched-linux-x86_64 0.1.7 13.04 113.26 126.30 NOTE
r-release-linux-x86_64 0.1.7 12.81 112.77 125.58 NOTE
r-release-macos-arm64 0.1.7 42.00 NOTE
r-release-macos-x86_64 0.1.7 67.00 NOTE
r-release-windows-x86_64 0.1.7 10.00 100.00 110.00 NOTE
r-oldrel-macos-arm64 0.1.7 5.00 ERROR
r-oldrel-macos-x86_64 0.1.7 97.00 OK
r-oldrel-windows-x86_64 0.1.7 12.00 121.00 133.00 OK

Check Details

Version: 0.1.7
Check: Rd files
Result: NOTE checkRd: (-1) esSim.Rd:81: Lost braces; missing escapes or markup? 81 | \eqn{83} SNPs are in cluster {-}, \eqn{714} SNPs are in cluster \eqn{0}, | ^ checkRd: (-1) esSimDiffPriors.Rd:91: Lost braces; missing escapes or markup? 91 | \eqn{64} SNPs are in cluster {-}, \eqn{708} SNPs are in cluster \eqn{0}, | ^ Flavors: r-devel-linux-x86_64-debian-clang, r-devel-linux-x86_64-debian-gcc, r-devel-linux-x86_64-fedora-clang, r-devel-linux-x86_64-fedora-gcc, r-devel-windows-x86_64, r-patched-linux-x86_64, r-release-linux-x86_64, r-release-macos-arm64, r-release-macos-x86_64, r-release-windows-x86_64

Version: 0.1.7
Check: package dependencies
Result: ERROR Package required but not available: ‘snpStats’ See section ‘The DESCRIPTION file’ in the ‘Writing R Extensions’ manual. Flavor: r-oldrel-macos-arm64