CRAN Package Check Results for Package GWG

Last updated on 2021-10-17 00:48:38 CEST.

Flavor Version Tinstall Tcheck Ttotal Status Flags
r-devel-linux-x86_64-debian-clang 1.0 2.20 21.56 23.76 NOTE
r-devel-linux-x86_64-debian-gcc 1.0 1.70 17.24 18.94 NOTE
r-devel-linux-x86_64-fedora-clang 1.0 40.28 NOTE
r-devel-linux-x86_64-fedora-gcc 1.0 28.80 NOTE
r-devel-windows-x86_64 1.0 3.00 29.00 32.00 NOTE
r-devel-windows-x86_64-gcc10-UCRT 1.0 NOTE
r-patched-linux-x86_64 1.0 2.40 21.11 23.51 NOTE
r-patched-solaris-x86 1.0 45.70 NOTE
r-release-linux-x86_64 1.0 2.16 21.11 23.27 NOTE
r-release-macos-arm64 1.0 NOTE
r-release-macos-x86_64 1.0 NOTE
r-release-windows-ix86+x86_64 1.0 5.00 37.00 42.00 NOTE
r-oldrel-macos-x86_64 1.0 NOTE
r-oldrel-windows-ix86+x86_64 1.0 3.00 33.00 36.00 NOTE

Check Details

Version: 1.0
Check: R code for possible problems
Result: NOTE
    normalweight: no visible binding for global variable 'NW_above'
    normalweight: no visible binding for global variable 'NW_below'
    obese: no visible global function definition for 'data'
    obese: no visible binding for global variable 'OB_above'
    obese: no visible binding for global variable 'OB_below'
    overweight: no visible global function definition for 'data'
    overweight: no visible binding for global variable 'OW_above'
    overweight: no visible binding for global variable 'OW_below'
    Undefined global functions or variables:
     NW_above NW_below OB_above OB_below OW_above OW_below data
    Consider adding
     importFrom("utils", "data")
    to your NAMESPACE file.
    
    Found the following calls to data() loading into the global environment:
    File 'GWG/R/obese.R':
     data(OB_above)
     data(OB_below)
    File 'GWG/R/overweight.R':
     data(OW_above)
     data(OW_below)
    See section 'Good practice' in '?data'.
Flavors: r-devel-linux-x86_64-debian-clang, r-devel-linux-x86_64-debian-gcc, r-devel-linux-x86_64-fedora-clang, r-patched-linux-x86_64, r-release-linux-x86_64

Version: 1.0
Check: R code for possible problems
Result: NOTE
    normalweight: no visible binding for global variable ‘NW_above’
    normalweight: no visible binding for global variable ‘NW_below’
    obese: no visible global function definition for ‘data’
    obese: no visible binding for global variable ‘OB_above’
    obese: no visible binding for global variable ‘OB_below’
    overweight: no visible global function definition for ‘data’
    overweight: no visible binding for global variable ‘OW_above’
    overweight: no visible binding for global variable ‘OW_below’
    Undefined global functions or variables:
     NW_above NW_below OB_above OB_below OW_above OW_below data
    Consider adding
     importFrom("utils", "data")
    to your NAMESPACE file.
Flavors: r-devel-linux-x86_64-fedora-gcc, r-devel-windows-x86_64, r-devel-windows-x86_64-gcc10-UCRT, r-patched-solaris-x86, r-release-macos-arm64, r-release-macos-x86_64, r-release-windows-ix86+x86_64, r-oldrel-macos-x86_64, r-oldrel-windows-ix86+x86_64