CRAN Package Check Results for Package GaSP

Last updated on 2024-07-16 00:56:00 CEST.

Flavor Version Tinstall Tcheck Ttotal Status Flags
r-devel-linux-x86_64-debian-clang 1.0.6 16.35 99.59 115.94 OK
r-devel-linux-x86_64-debian-gcc 1.0.6 13.27 76.40 89.67 OK
r-devel-linux-x86_64-fedora-clang 1.0.6 87.50 OK
r-devel-linux-x86_64-fedora-gcc 1.0.6 161.00 OK
r-devel-windows-x86_64 1.0.6 26.00 305.00 331.00 OK
r-patched-linux-x86_64 1.0.6 14.59 97.92 112.51 OK
r-release-linux-x86_64 1.0.6 15.20 101.41 116.61 OK
r-release-macos-arm64 1.0.6 74.00 OK
r-release-macos-x86_64 1.0.6 176.00 OK
r-release-windows-x86_64 1.0.6 29.00 300.00 329.00 OK
r-oldrel-macos-arm64 1.0.6 76.00 ERROR
r-oldrel-macos-x86_64 1.0.6 149.00 ERROR
r-oldrel-windows-x86_64 1.0.6 31.00 246.00 277.00 OK

Check Details

Version: 1.0.6
Check: running R code from vignettes
Result: ERROR Errors in running code in vignettes: when running code in ‘GaSP_vignette.Rmd’ ... > borehole_fit <- Fit(x = x, y = y, reg_model = ~1 + + a, sp_model = ~1 + r, random_error = FALSE) Warning: intercept term in 'sp_model' will not be used. When sourcing ‘GaSP_vignette.R’: Error: 1: components of 'reg_model' terms must be column names in 'x'. Execution halted ‘GaSP_vignette.Rmd’ using ‘UTF-8’... failed Flavors: r-oldrel-macos-arm64, r-oldrel-macos-x86_64