CRAN Package Check Results for Package GenomeAdmixR

Last updated on 2024-06-18 00:57:27 CEST.

Flavor Version Tinstall Tcheck Ttotal Status Flags
r-devel-linux-x86_64-debian-clang 2.1.7 115.53 347.73 463.26 NOTE
r-devel-linux-x86_64-debian-gcc 2.1.7 81.63 255.54 337.17 ERROR
r-devel-linux-x86_64-fedora-clang 2.1.7 589.59 NOTE
r-devel-linux-x86_64-fedora-gcc 2.1.7 592.08 NOTE
r-devel-windows-x86_64 2.1.7 93.00 286.00 379.00 NOTE
r-patched-linux-x86_64 2.1.7 103.27 335.47 438.74 NOTE
r-release-linux-x86_64 2.1.7 85.02 361.87 446.89 NOTE
r-release-macos-arm64 2.1.7 137.00 NOTE
r-release-macos-x86_64 2.1.7 221.00 NOTE
r-release-windows-x86_64 2.1.7 94.00 281.00 375.00 NOTE
r-oldrel-macos-arm64 2.1.7 159.00 NOTE
r-oldrel-macos-x86_64 2.1.7 283.00 NOTE
r-oldrel-windows-x86_64 2.1.7 121.00 337.00 458.00 NOTE

Check Details

Version: 2.1.7
Check: C++ specification
Result: NOTE Specified C++14: please drop specification unless essential Flavors: r-devel-linux-x86_64-debian-clang, r-devel-linux-x86_64-debian-gcc, r-devel-linux-x86_64-fedora-clang, r-devel-linux-x86_64-fedora-gcc, r-devel-windows-x86_64, r-patched-linux-x86_64, r-release-linux-x86_64, r-release-macos-arm64, r-release-macos-x86_64, r-release-windows-x86_64, r-oldrel-macos-arm64, r-oldrel-macos-x86_64, r-oldrel-windows-x86_64

Version: 2.1.7
Check: Rd files
Result: NOTE checkRd: (-1) simulate_admixture.Rd:36: Lost braces 36 | \code{location}{ location of the marker under selection (in Morgan) } | ^ checkRd: (-1) simulate_ancestry.Rd:49: Lost braces 49 | \code{location}{ location of the marker under selection (in Morgan) } | ^ checkRd: (-1) simulate_ancestry_migration.Rd:59: Lost braces 59 | \code{location}{ location of the marker under selection (in Morgan) } | ^ checkRd: (-1) simulate_sequence.Rd:51: Lost braces 51 | \code{location}{ location of the marker under selection (in Morgan) } | ^ checkRd: (-1) simulate_sequence_migration.Rd:58: Lost braces 58 | \code{location}{ location of the marker under selection (in Morgan) } | ^ Flavors: r-devel-linux-x86_64-debian-clang, r-devel-linux-x86_64-debian-gcc, r-devel-linux-x86_64-fedora-clang, r-devel-linux-x86_64-fedora-gcc, r-devel-windows-x86_64, r-patched-linux-x86_64, r-release-linux-x86_64, r-release-macos-arm64, r-release-macos-x86_64, r-release-windows-x86_64

Version: 2.1.7
Check: tests
Result: ERROR Running ‘testthat.R’ [87s/167s] Running the tests in ‘tests/testthat.R’ failed. Complete output: > library(testthat) > library(GenomeAdmixR) # nolint > > test_check("GenomeAdmixR") | | | 0% | |=================================== | 50% | |======================================================================| 100%[ FAIL 1 | WARN 0 | SKIP 0 | PASS 454 ] ══ Failed tests ════════════════════════════════════════════════════════════════ ── Failure ('test-simulate_admixture_data.R:202:3'): simulate_admixture_data_recombination_map ── `all_j` not equal to `expected_num_j`. 1/1 mismatches [1] 70 - 100 == -30 [ FAIL 1 | WARN 0 | SKIP 0 | PASS 454 ] Error: Test failures Execution halted Flavor: r-devel-linux-x86_64-debian-gcc

Version: 2.1.7
Check: dependencies in R code
Result: NOTE Namespace in Imports field not imported from: ‘methods’ All declared Imports should be used. Flavors: r-devel-linux-x86_64-fedora-clang, r-devel-linux-x86_64-fedora-gcc

Version: 2.1.7
Check: installed package size
Result: NOTE installed size is 6.6Mb sub-directories of 1Mb or more: doc 2.0Mb libs 4.0Mb Flavors: r-release-macos-arm64, r-release-macos-x86_64, r-oldrel-macos-arm64, r-oldrel-macos-x86_64