Last updated on 2023-06-08 01:02:29 CEST.
Flavor | Version | Tinstall | Tcheck | Ttotal | Status | Flags |
---|---|---|---|---|---|---|
r-devel-linux-x86_64-debian-clang | 1.0.8 | 71.22 | 262.81 | 334.03 | OK | |
r-devel-linux-x86_64-debian-gcc | 1.0.8 | 65.44 | 187.30 | 252.74 | OK | |
r-devel-linux-x86_64-fedora-clang | 1.0.8 | 427.44 | OK | |||
r-devel-linux-x86_64-fedora-gcc | 1.0.8 | 406.27 | OK | |||
r-devel-windows-x86_64 | 1.0.8 | 70.00 | 212.00 | 282.00 | OK | |
r-patched-linux-x86_64 | 1.0.8 | 59.32 | 241.32 | 300.64 | OK | |
r-release-linux-x86_64 | 1.0.8 | 50.82 | 236.61 | 287.43 | OK | |
r-release-macos-arm64 | 1.0.8 | 116.00 | OK | |||
r-release-macos-x86_64 | 1.0.7 | 186.00 | NOTE | |||
r-release-windows-x86_64 | 1.0.8 | 91.00 | 259.00 | 350.00 | OK | |
r-oldrel-macos-arm64 | 1.0.8 | 119.00 | OK | |||
r-oldrel-macos-x86_64 | 1.0.8 | 136.00 | OK | |||
r-oldrel-windows-x86_64 | 1.0.8 | 86.00 | 252.00 | 338.00 | OK |
Version: 1.0.7
Check: installed package size
Result: NOTE
installed size is 5.0Mb
sub-directories of 1Mb or more:
libs 3.2Mb
Flavor: r-release-macos-x86_64