CRAN Package Check Results for Package GeomComb

Last updated on 2021-10-17 00:48:37 CEST.

Flavor Version Tinstall Tcheck Ttotal Status Flags
r-devel-linux-x86_64-debian-clang 1.0 12.53 163.34 175.87 NOTE
r-devel-linux-x86_64-debian-gcc 1.0 11.19 117.29 128.48 NOTE
r-devel-linux-x86_64-fedora-clang 1.0 218.07 NOTE
r-devel-linux-x86_64-fedora-gcc 1.0 204.77 NOTE
r-devel-windows-x86_64 1.0 21.00 147.00 168.00 NOTE
r-devel-windows-x86_64-gcc10-UCRT 1.0 NOTE
r-patched-linux-x86_64 1.0 17.14 154.00 171.14 NOTE
r-patched-solaris-x86 1.0 279.00 NOTE
r-release-linux-x86_64 1.0 14.13 153.46 167.59 NOTE
r-release-macos-arm64 1.0 NOTE
r-release-macos-x86_64 1.0 NOTE
r-release-windows-ix86+x86_64 1.0 40.00 191.00 231.00 NOTE
r-oldrel-macos-x86_64 1.0 OK
r-oldrel-windows-ix86+x86_64 1.0 36.00 199.00 235.00 OK

Check Details

Version: 1.0
Check: LazyData
Result: NOTE
     'LazyData' is specified without a 'data' directory
Flavors: r-devel-linux-x86_64-debian-clang, r-devel-linux-x86_64-debian-gcc, r-devel-linux-x86_64-fedora-clang, r-devel-linux-x86_64-fedora-gcc, r-devel-windows-x86_64, r-devel-windows-x86_64-gcc10-UCRT, r-patched-linux-x86_64, r-patched-solaris-x86, r-release-linux-x86_64, r-release-macos-arm64, r-release-macos-x86_64, r-release-windows-ix86+x86_64