CRAN Package Check Results for Package Ghost

Last updated on 2021-10-28 00:48:46 CEST.

Flavor Version Tinstall Tcheck Ttotal Status Flags
r-devel-linux-x86_64-debian-clang 0.1.0 3.44 21.14 24.58 OK
r-devel-linux-x86_64-debian-gcc 0.1.0 2.79 16.87 19.66 OK
r-devel-linux-x86_64-fedora-clang 0.1.0 41.87 NOTE
r-devel-linux-x86_64-fedora-gcc 0.1.0 31.17 NOTE
r-devel-windows-x86_64 0.1.0 8.00 38.00 46.00 OK
r-devel-windows-x86_64-gcc10-UCRT 0.1.0 NOTE
r-patched-linux-x86_64 0.1.0 3.57 21.32 24.89 OK
r-patched-solaris-x86 0.1.0 48.50 NOTE
r-release-linux-x86_64 0.1.0 3.25 20.92 24.17 OK
r-release-macos-arm64 0.1.0 NOTE
r-release-macos-x86_64 0.1.0 NOTE
r-release-windows-ix86+x86_64 0.1.0 7.00 36.00 43.00 OK
r-oldrel-macos-x86_64 0.1.0 NOTE
r-oldrel-windows-ix86+x86_64 0.1.0 7.00 36.00 43.00 OK

Check Details

Version: 0.1.0
Check: dependencies in R code
Result: NOTE
    Namespace in Imports field not imported from: ‘R6’
     All declared Imports should be used.
Flavors: r-devel-linux-x86_64-fedora-clang, r-devel-linux-x86_64-fedora-gcc, r-devel-windows-x86_64-gcc10-UCRT, r-patched-solaris-x86, r-release-macos-arm64, r-release-macos-x86_64, r-oldrel-macos-x86_64