CRAN Package Check Results for Package GlmSimulatoR

Last updated on 2021-10-24 00:50:58 CEST.

Flavor Version Tinstall Tcheck Ttotal Status Flags
r-devel-linux-x86_64-debian-clang 0.2.4 11.49 282.24 293.73 NOTE
r-devel-linux-x86_64-debian-gcc 0.2.4 9.26 204.42 213.68 NOTE
r-devel-linux-x86_64-fedora-clang 0.2.4 360.07 NOTE
r-devel-linux-x86_64-fedora-gcc 0.2.4 345.48 NOTE
r-devel-windows-x86_64 0.2.4 18.00 403.00 421.00 NOTE
r-devel-windows-x86_64-gcc10-UCRT 0.2.4 NOTE
r-patched-linux-x86_64 0.2.4 10.90 287.19 298.09 NOTE
r-patched-solaris-x86 0.2.4 781.70 NOTE
r-release-linux-x86_64 0.2.4 10.87 288.32 299.19 NOTE
r-release-macos-arm64 0.2.4 NOTE
r-release-macos-x86_64 0.2.4 NOTE
r-release-windows-ix86+x86_64 0.2.4 19.00 454.00 473.00 NOTE
r-oldrel-macos-x86_64 0.2.4 NOTE
r-oldrel-windows-ix86+x86_64 0.2.4 31.00 455.00 486.00 OK

Check Details

Version: 0.2.4
Check: LazyData
Result: NOTE
     'LazyData' is specified without a 'data' directory
Flavors: r-devel-linux-x86_64-debian-clang, r-devel-linux-x86_64-debian-gcc, r-devel-linux-x86_64-fedora-clang, r-devel-linux-x86_64-fedora-gcc, r-devel-windows-x86_64, r-devel-windows-x86_64-gcc10-UCRT, r-patched-linux-x86_64, r-patched-solaris-x86, r-release-linux-x86_64, r-release-macos-arm64, r-release-macos-x86_64, r-release-windows-ix86+x86_64

Version: 0.2.4
Check: dependencies in R code
Result: NOTE
    Namespace in Imports field not imported from: ‘purrr’
     All declared Imports should be used.
Flavors: r-devel-linux-x86_64-fedora-clang, r-devel-linux-x86_64-fedora-gcc, r-devel-windows-x86_64-gcc10-UCRT, r-patched-solaris-x86, r-release-macos-arm64, r-release-macos-x86_64, r-oldrel-macos-x86_64