CRAN Package Check Results for Package GoogleKnowledgeGraphR

Last updated on 2024-05-29 00:54:26 CEST.

Flavor Version Tinstall Tcheck Ttotal Status Flags
r-devel-linux-x86_64-debian-clang 0.1.0 2.01 23.61 25.62 NOTE
r-devel-linux-x86_64-debian-gcc 0.1.0 1.72 18.72 20.44 NOTE
r-devel-linux-x86_64-fedora-clang 0.1.0 33.01 NOTE
r-devel-windows-x86_64 0.1.0 2.00 42.00 44.00 NOTE
r-patched-linux-x86_64 0.1.0 1.46 23.21 24.67 NOTE
r-release-linux-x86_64 0.1.0 1.99 23.67 25.66 NOTE
r-release-macos-arm64 0.1.0 17.00 NOTE
r-release-windows-x86_64 0.1.0 4.00 42.00 46.00 NOTE
r-oldrel-macos-arm64 0.1.0 20.00 NOTE
r-oldrel-macos-x86_64 0.1.0 23.00 NOTE
r-oldrel-windows-x86_64 0.1.0 3.00 43.00 46.00 NOTE

Check Details

Version: 0.1.0
Check: LazyData
Result: NOTE 'LazyData' is specified without a 'data' directory Flavors: r-devel-linux-x86_64-debian-clang, r-devel-linux-x86_64-debian-gcc, r-devel-linux-x86_64-fedora-clang, r-devel-windows-x86_64, r-patched-linux-x86_64, r-release-linux-x86_64, r-release-macos-arm64, r-release-windows-x86_64, r-oldrel-macos-arm64, r-oldrel-macos-x86_64, r-oldrel-windows-x86_64