CRAN Package Check Results for Package GreedyExperimentalDesign

Last updated on 2024-06-14 00:53:44 CEST.

Flavor Version Tinstall Tcheck Ttotal Status Flags
r-devel-linux-x86_64-debian-clang 1.5.6.1 44.24 108.64 152.88 NOTE
r-devel-linux-x86_64-debian-gcc 1.5.6.1 0.41 1.75 2.16 ERROR
r-devel-linux-x86_64-fedora-clang 1.5.6.1 206.46 NOTE
r-devel-linux-x86_64-fedora-gcc 1.5.6.1 192.44 NOTE
r-devel-windows-x86_64 1.5.6.1 34.00 117.00 151.00 NOTE
r-patched-linux-x86_64 1.5.6.1 26.19 105.70 131.89 NOTE
r-release-linux-x86_64 1.5.6.1 25.82 104.90 130.72 NOTE
r-release-macos-arm64 1.5.6.1 53.00 NOTE
r-release-macos-x86_64 1.5.6.1 94.00 NOTE
r-release-windows-x86_64 1.5.6.1 34.00 121.00 155.00 NOTE
r-oldrel-macos-arm64 1.5.6.1 49.00 OK
r-oldrel-macos-x86_64 1.5.6.1 93.00 OK
r-oldrel-windows-x86_64 1.5.6.1 47.00 145.00 192.00 OK

Check Details

Version: 1.5.6.1
Check: Rd files
Result: NOTE checkRd: (-1) greedy_orthogonalization_curation.Rd:10: Lost braces; missing escapes or markup? 10 | \item{W}{A matrix in ${-1, 1}^{R x n}$ which have R allocation vectors for an experiment of sample size n.} | ^ checkRd: (-1) greedy_orthogonalization_curation.Rd:10: Lost braces; missing escapes or markup? 10 | \item{W}{A matrix in ${-1, 1}^{R x n}$ which have R allocation vectors for an experiment of sample size n.} | ^ checkRd: (-1) greedy_orthogonalization_curation2.Rd:10: Lost braces; missing escapes or markup? 10 | \item{W}{A matrix in ${-1, 1}^{R x n}$ which have R allocation vectors for an experiment of sample size n.} | ^ checkRd: (-1) greedy_orthogonalization_curation2.Rd:10: Lost braces; missing escapes or markup? 10 | \item{W}{A matrix in ${-1, 1}^{R x n}$ which have R allocation vectors for an experiment of sample size n.} | ^ checkRd: (-1) initBinaryMatchExperimentalDesignSearch.Rd:36: Lost braces; missing escapes or markup? 36 | a search through $1_{T}$ space for pairwise match designs based on the structure computed in the function \code{computeBinaryMatchStructure}. | ^ checkRd: (-1) initGreedyExperimentalDesignObject.Rd:71: Lost braces; missing escapes or markup? 71 | a search through $1_{T}$ space for forced balance designs. For debugging, you can use set the \code{seed} | ^ checkRd: (-1) initGreedyMultipleKernelExperimentalDesignObject.Rd:82: Lost braces; missing escapes or markup? 82 | a search through $1_{T}$ space for forced balance designs. For debugging, you can use set the \code{seed} | ^ checkRd: (-1) initKarpExperimentalDesignObject.Rd:31: Lost braces; missing escapes or markup? 31 | a search through $1_{T}$ space. Note that the Karp search only works | ^ checkRd: (-1) initOptimalExperimentalDesignObject.Rd:39: Lost braces; missing escapes or markup? 39 | a search through $1_{T}$ space. Since this search takes exponential time, for most machines, | ^ checkRd: (-1) initRerandomizationExperimentalDesignObject.Rd:53: Lost braces; missing escapes or markup? 53 | a search through $1_{T}$ space for forced-balance designs. For debugging, you can use set the \code{seed} | ^ Flavors: r-devel-linux-x86_64-debian-clang, r-devel-linux-x86_64-fedora-clang, r-devel-linux-x86_64-fedora-gcc, r-devel-windows-x86_64, r-patched-linux-x86_64, r-release-linux-x86_64, r-release-macos-arm64, r-release-macos-x86_64, r-release-windows-x86_64

Version: 1.5.6.1
Check: package dependencies
Result: ERROR Packages required but not available: 'nbpMatching', 'stringr' See section ‘The DESCRIPTION file’ in the ‘Writing R Extensions’ manual. Flavor: r-devel-linux-x86_64-debian-gcc