Last updated on 2023-11-29 00:50:19 CET.
Flavor | Version | Tinstall | Tcheck | Ttotal | Status | Flags |
---|---|---|---|---|---|---|
r-devel-linux-x86_64-debian-clang | 2.0.1 | 25.83 | 242.35 | 268.18 | NOTE | |
r-devel-linux-x86_64-debian-gcc | 2.0.1 | 19.18 | 184.39 | 203.57 | NOTE | |
r-devel-linux-x86_64-fedora-clang | 2.0.1 | 327.37 | NOTE | |||
r-devel-linux-x86_64-fedora-gcc | 2.0.1 | 324.46 | NOTE | |||
r-devel-windows-x86_64 | 2.0.1 | 20.00 | 190.00 | 210.00 | NOTE | |
r-patched-linux-x86_64 | 2.0.1 | 30.75 | 233.10 | 263.85 | OK | |
r-release-linux-x86_64 | 2.0.1 | 19.82 | 228.73 | 248.55 | OK | |
r-release-macos-arm64 | 2.0.1 | 101.00 | OK | |||
r-release-macos-x86_64 | 2.0.1 | 164.00 | OK | |||
r-release-windows-x86_64 | 2.0.1 | 27.00 | 234.00 | 261.00 | OK | |
r-oldrel-macos-arm64 | 2.0.1 | 105.00 | OK | |||
r-oldrel-macos-x86_64 | 2.0.1 | 124.00 | OK | |||
r-oldrel-windows-x86_64 | 2.0.1 | 27.00 | 241.00 | 268.00 | OK |
Version: 2.0.1
Check: Rd \usage sections
Result: NOTE
Documented arguments not in \usage in Rd file 'prCaSetRownames.Rd':
‘rownames.fn’
Documented arguments not in \usage in Rd file 'prClearPCAclass.Rd':
‘...’
Functions with \usage entries need to have the appropriate \alias
entries, and all their arguments documented.
The \usage entries must correspond to syntactically valid R code.
See chapter ‘Writing R documentation files’ in the ‘Writing R
Extensions’ manual.
Flavors: r-devel-linux-x86_64-debian-clang, r-devel-linux-x86_64-debian-gcc, r-devel-linux-x86_64-fedora-clang, r-devel-linux-x86_64-fedora-gcc, r-devel-windows-x86_64