CRAN Package Check Results for Package GuessCompx

Last updated on 2021-10-16 00:49:16 CEST.

Flavor Version Tinstall Tcheck Ttotal Status Flags
r-devel-linux-x86_64-debian-clang 1.0.3 6.23 126.93 133.16 NOTE
r-devel-linux-x86_64-debian-gcc 1.0.3 5.10 103.01 108.11 NOTE
r-devel-linux-x86_64-fedora-clang 1.0.3 153.31 NOTE
r-devel-linux-x86_64-fedora-gcc 1.0.3 151.87 NOTE
r-devel-windows-x86_64 1.0.3 19.00 118.00 137.00 ERROR
r-devel-windows-x86_64-gcc10-UCRT 1.0.3 ERROR
r-patched-linux-x86_64 1.0.3 5.92 115.85 121.77 NOTE
r-patched-solaris-x86 1.0.3 218.60 NOTE
r-release-linux-x86_64 1.0.3 6.71 110.11 116.82 NOTE
r-release-macos-arm64 1.0.3 NOTE
r-release-macos-x86_64 1.0.3 NOTE
r-release-windows-ix86+x86_64 1.0.3 16.00 142.00 158.00 NOTE
r-oldrel-macos-x86_64 1.0.3 OK
r-oldrel-windows-ix86+x86_64 1.0.3 16.00 143.00 159.00 NOTE

Check Details

Version: 1.0.3
Check: LazyData
Result: NOTE
     'LazyData' is specified without a 'data' directory
Flavors: r-devel-linux-x86_64-debian-clang, r-devel-linux-x86_64-debian-gcc, r-devel-linux-x86_64-fedora-clang, r-devel-linux-x86_64-fedora-gcc, r-devel-windows-x86_64, r-devel-windows-x86_64-gcc10-UCRT, r-patched-linux-x86_64, r-patched-solaris-x86, r-release-linux-x86_64, r-release-macos-arm64, r-release-macos-x86_64, r-release-windows-ix86+x86_64

Version: 1.0.3
Check: package vignettes
Result: NOTE
    Package vignette with placeholder title 'Vignette Title':
     'GuessCompx.Rmd'
Flavors: r-devel-linux-x86_64-debian-clang, r-devel-linux-x86_64-debian-gcc, r-devel-windows-x86_64, r-patched-linux-x86_64, r-release-linux-x86_64, r-release-windows-ix86+x86_64, r-oldrel-windows-ix86+x86_64

Version: 1.0.3
Check: examples
Result: ERROR
    Running examples in 'GuessCompx-Ex.R' failed
    The error most likely occurred in:
    
    > ### Name: CompEst
    > ### Title: Complexity Estimation and Prediction
    > ### Aliases: CompEst
    >
    > ### ** Examples
    >
    > # Dummy function that mimics a constant time complexity and
    > # N.log(N) memory complexity:
    > f1 = function(df){
    + Sys.sleep(rnorm(1, 0.1, 0.02))
    + v = rnorm(n = nrow(df)*log(nrow(df))*(runif(1, 1e3, 1.1e3)))
    + }
    > out = CompEst(d = mtcars, f = f1, replicates=2, start.size=2, max.time = 1)
    Warning: 'memory.size()' is no longer supported
    Warning: 'memory.size()' is no longer supported
    Warning: 'memory.size()' is no longer supported
    Warning: 'memory.size()' is no longer supported
    Warning: 'memory.size()' is no longer supported
    Warning: 'memory.size()' is no longer supported
    Warning: 'memory.size()' is no longer supported
    Warning: 'memory.size()' is no longer supported
    Warning: 'memory.size()' is no longer supported
    Warning: 'memory.size()' is no longer supported
    Warning: 'memory.size()' is no longer supported
    Warning: 'memory.size()' is no longer supported
    Warning: 'memory.size()' is no longer supported
    Warning: 'memory.size()' is no longer supported
    Warning: 'memory.size()' is no longer supported
    Warning: 'memory.size()' is no longer supported
    Warning: 'memory.size()' is no longer supported
    Warning: 'memory.size()' is no longer supported
    Best model CONSTANT for time can be caused by not choosing a sufficiently high max.time value
    warning: best TIME model not significantly different from a constant relationship. Increase max.time or replicates.
    Warning in glm.fit(x = numeric(0), y = numeric(0), weights = NULL, start = NULL, :
     no observations informative at iteration 1
    Warning: glm.fit: algorithm did not converge
    Error in glm.fit(x = numeric(0), y = numeric(0), weights = NULL, start = NULL, :
     object 'fit' not found
    Calls: CompEst -> CompEstBenchmark -> glm -> eval -> eval -> glm.fit
    Execution halted
Flavor: r-devel-windows-x86_64

Version: 1.0.3
Check: re-building of vignette outputs
Result: WARN
    Error(s) in re-building vignettes:
    --- re-building 'GuessCompx.Rmd' using rmarkdown
    Quitting from lines 60-62 (GuessCompx.Rmd)
    Error: processing vignette 'GuessCompx.Rmd' failed with diagnostics:
    object 'fit' not found
    --- failed re-building 'GuessCompx.Rmd'
    
    SUMMARY: processing the following file failed:
     'GuessCompx.Rmd'
    
    Error: Vignette re-building failed.
    Execution halted
Flavors: r-devel-windows-x86_64, r-devel-windows-x86_64-gcc10-UCRT

Version: 1.0.3
Check: examples
Result: ERROR
    Running examples in 'GuessCompx-Ex.R' failed
    The error most likely occurred in:
    
    > ### Name: CompEst
    > ### Title: Complexity Estimation and Prediction
    > ### Aliases: CompEst
    >
    > ### ** Examples
    >
    > # Dummy function that mimics a constant time complexity and
    > # N.log(N) memory complexity:
    > f1 = function(df){
    + Sys.sleep(rnorm(1, 0.1, 0.02))
    + v = rnorm(n = nrow(df)*log(nrow(df))*(runif(1, 1e3, 1.1e3)))
    + }
    > out = CompEst(d = mtcars, f = f1, replicates=2, start.size=2, max.time = 1)
    Warning: 'memory.size()' is no longer supported
    Warning: 'memory.size()' is no longer supported
    Warning: 'memory.size()' is no longer supported
    Warning: 'memory.size()' is no longer supported
    Warning: 'memory.size()' is no longer supported
    Warning: 'memory.size()' is no longer supported
    Warning: 'memory.size()' is no longer supported
    Warning: 'memory.size()' is no longer supported
    Warning: 'memory.size()' is no longer supported
    Warning: 'memory.size()' is no longer supported
    Warning: 'memory.size()' is no longer supported
    Warning: 'memory.size()' is no longer supported
    Warning: 'memory.size()' is no longer supported
    Warning: 'memory.size()' is no longer supported
    Warning: 'memory.size()' is no longer supported
    Warning: 'memory.size()' is no longer supported
    Warning: 'memory.size()' is no longer supported
    Warning: 'memory.size()' is no longer supported
    warning: best TIME model not significantly different from a constant relationship. Increase max.time or replicates.
    Warning in glm.fit(x = numeric(0), y = numeric(0), weights = NULL, start = NULL, :
     no observations informative at iteration 1
    Warning: glm.fit: algorithm did not converge
    Error in glm.fit(x = numeric(0), y = numeric(0), weights = NULL, start = NULL, :
     object 'fit' not found
    Calls: CompEst -> CompEstBenchmark -> glm -> eval -> eval -> glm.fit
    Execution halted
Flavor: r-devel-windows-x86_64-gcc10-UCRT