CRAN Package Check Results for Package GxM

Last updated on 2021-10-25 00:49:13 CEST.

Flavor Version Tinstall Tcheck Ttotal Status Flags
r-devel-linux-x86_64-debian-clang 1.1 6.39 51.05 57.44 NOTE
r-devel-linux-x86_64-debian-gcc 1.1 5.81 38.33 44.14 NOTE
r-devel-linux-x86_64-fedora-clang 1.1 78.73 NOTE
r-devel-linux-x86_64-fedora-gcc 1.1 67.74 NOTE
r-devel-windows-x86_64 1.1 13.00 54.00 67.00 NOTE
r-devel-windows-x86_64-gcc10-UCRT 1.1 NOTE
r-patched-linux-x86_64 1.1 7.34 49.16 56.50 NOTE
r-patched-solaris-x86 1.1 91.40 NOTE
r-release-linux-x86_64 1.1 5.56 49.35 54.91 NOTE
r-release-macos-arm64 1.1 NOTE
r-release-macos-x86_64 1.1 NOTE
r-release-windows-ix86+x86_64 1.1 10.00 64.00 74.00 NOTE
r-oldrel-macos-x86_64 1.1 NOTE
r-oldrel-windows-ix86+x86_64 1.1 16.00 69.00 85.00 NOTE

Check Details

Version: 1.1
Check: R code for possible problems
Result: NOTE
    GxMestimator: no visible global function definition for 'na.omit'
    initialization_chol: no visible global function definition for 'cov'
    initialization_corr: no visible global function definition for 'cov'
    initialization_nlmain: no visible global function definition for
     'lm.fit'
    print.summaryGxMclass: no visible global function definition for
     'pnorm'
    print.summaryGxMclass: no visible global function definition for
     'printCoefmat'
    Undefined global functions or variables:
     cov lm.fit na.omit pnorm printCoefmat
    Consider adding
     importFrom("stats", "cov", "lm.fit", "na.omit", "pnorm",
     "printCoefmat")
    to your NAMESPACE file.
Flavors: r-devel-linux-x86_64-debian-clang, r-devel-linux-x86_64-debian-gcc, r-devel-linux-x86_64-fedora-clang, r-devel-linux-x86_64-fedora-gcc, r-devel-windows-x86_64, r-devel-windows-x86_64-gcc10-UCRT, r-patched-linux-x86_64, r-patched-solaris-x86, r-release-linux-x86_64, r-release-macos-arm64, r-release-macos-x86_64, r-release-windows-ix86+x86_64, r-oldrel-macos-x86_64, r-oldrel-windows-ix86+x86_64