CRAN Package Check Results for Package HCTR

Last updated on 2021-12-07 00:49:20 CET.

Flavor Version Tinstall Tcheck Ttotal Status Flags
r-devel-linux-x86_64-debian-clang 0.1.1 8.29 83.08 91.37 NOTE
r-devel-linux-x86_64-debian-gcc 0.1.1 6.89 64.99 71.88 NOTE
r-devel-linux-x86_64-fedora-clang 0.1.1 112.17 NOTE
r-devel-linux-x86_64-fedora-gcc 0.1.1 105.41 NOTE
r-devel-windows-x86_64-new-UL 0.1.1 16.00 122.00 138.00 NOTE
r-devel-windows-x86_64-new-TK 0.1.1 NOTE
r-devel-windows-x86_64-old 0.1.1 13.00 74.00 87.00 NOTE
r-patched-linux-x86_64 0.1.1 7.96 72.06 80.02 NOTE
r-release-linux-x86_64 0.1.1 7.81 80.91 88.72 NOTE
r-release-macos-arm64 0.1.1 NOTE
r-release-macos-x86_64 0.1.1 NOTE
r-release-windows-ix86+x86_64 0.1.1 19.00 97.00 116.00 NOTE
r-oldrel-macos-x86_64 0.1.1 OK
r-oldrel-windows-ix86+x86_64 0.1.1 18.00 102.00 120.00 OK

Check Details

Version: 0.1.1
Check: LazyData
Result: NOTE
     'LazyData' is specified without a 'data' directory
Flavors: r-devel-linux-x86_64-debian-clang, r-devel-linux-x86_64-debian-gcc, r-devel-linux-x86_64-fedora-clang, r-devel-linux-x86_64-fedora-gcc, r-devel-windows-x86_64-new-UL, r-devel-windows-x86_64-new-TK, r-devel-windows-x86_64-old, r-patched-linux-x86_64, r-release-linux-x86_64, r-release-macos-arm64, r-release-macos-x86_64, r-release-windows-ix86+x86_64