Last updated on 2025-01-21 00:48:29 CET.
Flavor | Version | Tinstall | Tcheck | Ttotal | Status | Flags |
---|---|---|---|---|---|---|
r-devel-linux-x86_64-debian-clang | 1.0.5 | 115.38 | 82.29 | 197.67 | OK | |
r-devel-linux-x86_64-debian-gcc | 1.0.5 | 93.07 | 68.43 | 161.50 | OK | |
r-devel-linux-x86_64-fedora-clang | 1.0.5 | 341.53 | OK | |||
r-devel-linux-x86_64-fedora-gcc | 1.0.5 | 403.24 | OK | |||
r-devel-windows-x86_64 | 1.0.5 | 112.00 | 114.00 | 226.00 | OK | |
r-patched-linux-x86_64 | 1.0.5 | 120.84 | 88.25 | 209.09 | OK | |
r-release-linux-x86_64 | 1.0.5 | 125.53 | 87.56 | 213.09 | OK | |
r-release-macos-arm64 | 1.0.5 | 85.00 | NOTE | |||
r-release-macos-x86_64 | 1.0.5 | 127.00 | NOTE | |||
r-release-windows-x86_64 | 1.0.5 | 115.00 | 116.00 | 231.00 | OK | |
r-oldrel-macos-arm64 | 1.0.5 | 85.00 | NOTE | |||
r-oldrel-macos-x86_64 | 1.0.5 | 132.00 | NOTE | |||
r-oldrel-windows-x86_64 | 1.0.5 | 132.00 | 146.00 | 278.00 | OK |
Version: 1.0.5
Check: installed package size
Result: NOTE
installed size is 36.2Mb
sub-directories of 1Mb or more:
libs 35.2Mb
Flavors: r-release-macos-arm64, r-release-macos-x86_64, r-oldrel-macos-arm64, r-oldrel-macos-x86_64