Last updated on 2023-03-30 00:51:55 CEST.
Flavor | Version | Tinstall | Tcheck | Ttotal | Status | Flags |
---|---|---|---|---|---|---|
r-devel-linux-x86_64-debian-clang | 0.5.0 | 103.91 | 301.08 | 404.99 | NOTE | |
r-devel-linux-x86_64-debian-gcc | 0.5.0 | 85.58 | 225.65 | 311.23 | NOTE | |
r-devel-linux-x86_64-fedora-clang | 0.5.0 | 538.03 | NOTE | |||
r-devel-linux-x86_64-fedora-gcc | 0.5.0 | 518.25 | NOTE | |||
r-devel-windows-x86_64 | 0.5.0 | 114.00 | 344.00 | 458.00 | NOTE | |
r-patched-linux-x86_64 | 0.5.0 | 92.15 | 291.71 | 383.86 | NOTE | |
r-release-linux-x86_64 | 0.5.0 | 88.93 | 268.99 | 357.92 | OK | |
r-release-macos-arm64 | 0.5.0 | 130.00 | OK | |||
r-release-macos-x86_64 | 0.5.0 | 254.00 | OK | |||
r-release-windows-x86_64 | 0.5.0 | 107.00 | 318.00 | 425.00 | OK | |
r-oldrel-macos-arm64 | 0.5.0 | 134.00 | OK | |||
r-oldrel-macos-x86_64 | 0.5.0 | 259.00 | OK | |||
r-oldrel-windows-ix86+x86_64 | 0.5.0 | 255.00 | 506.00 | 761.00 | OK |
Version: 0.5.0
Check: C++ specification
Result: NOTE
Specified C++11: please drop specification unless essential
Flavors: r-devel-linux-x86_64-debian-clang, r-devel-linux-x86_64-debian-gcc, r-devel-linux-x86_64-fedora-clang, r-devel-linux-x86_64-fedora-gcc, r-devel-windows-x86_64, r-patched-linux-x86_64