CRAN Package Check Results for Package HMDHFDplus

Last updated on 2024-06-14 00:53:45 CEST.

Flavor Version Tinstall Tcheck Ttotal Status Flags
r-devel-linux-x86_64-debian-clang 2.0.3 6.96 64.28 71.24 OK
r-devel-linux-x86_64-debian-gcc 2.0.3 0.36 1.74 2.10 ERROR
r-devel-linux-x86_64-fedora-clang 2.0.3 89.39 OK
r-devel-linux-x86_64-fedora-gcc 2.0.3 85.60 OK
r-devel-windows-x86_64 2.0.3 9.00 67.00 76.00 OK
r-patched-linux-x86_64 2.0.3 5.79 60.67 66.46 OK
r-release-linux-x86_64 2.0.3 7.43 60.77 68.20 OK
r-release-macos-arm64 2.0.3 30.00 OK
r-release-macos-x86_64 2.0.3 42.00 OK
r-release-windows-x86_64 2.0.3 8.00 65.00 73.00 OK
r-oldrel-macos-arm64 2.0.3 27.00 OK
r-oldrel-macos-x86_64 2.0.3 54.00 OK
r-oldrel-windows-x86_64 2.0.3 10.00 78.00 88.00 OK

Check Details

Version: 2.0.3
Check: package dependencies
Result: ERROR Packages required but not available: 'rvest', 'dplyr', 'janitor', 'lubridate', 'readr', 'stringr', 'tidyr' See section ‘The DESCRIPTION file’ in the ‘Writing R Extensions’ manual. Flavor: r-devel-linux-x86_64-debian-gcc