CRAN Package Check Results for Package HMMCont

Last updated on 2021-10-17 00:48:39 CEST.

Flavor Version Tinstall Tcheck Ttotal Status Flags
r-devel-linux-x86_64-debian-clang 1.0 2.49 23.32 25.81 NOTE
r-devel-linux-x86_64-debian-gcc 1.0 1.98 18.62 20.60 NOTE
r-devel-linux-x86_64-fedora-clang 1.0 42.11 NOTE
r-devel-linux-x86_64-fedora-gcc 1.0 31.36 NOTE
r-devel-windows-x86_64 1.0 4.00 29.00 33.00 NOTE
r-devel-windows-x86_64-gcc10-UCRT 1.0 NOTE
r-patched-linux-x86_64 1.0 2.52 23.45 25.97 NOTE
r-patched-solaris-x86 1.0 49.00 NOTE
r-release-linux-x86_64 1.0 2.27 23.15 25.42 NOTE
r-release-macos-arm64 1.0 NOTE
r-release-macos-x86_64 1.0 NOTE
r-release-windows-ix86+x86_64 1.0 5.00 35.00 40.00 NOTE
r-oldrel-macos-x86_64 1.0 NOTE
r-oldrel-windows-ix86+x86_64 1.0 5.00 35.00 40.00 NOTE

Check Details

Version: 1.0
Check: R code for possible problems
Result: NOTE
    baumwelchcont: no visible global function definition for 'dnorm'
    hmmcontSimul: no visible global function definition for 'rnorm'
    hmmcontSimul: no visible global function definition for 'rbinom'
    plot.ContObservHMM: no visible global function definition for 'lines'
    statesDistributionsPlot: no visible global function definition for
     'dnorm'
    statesDistributionsPlot: no visible global function definition for 'sd'
    statesDistributionsPlot: no visible global function definition for
     'lines'
    statesDistributionsPlot: no visible global function definition for
     'legend'
    summary.ContObservHMM: no visible global function definition for 'sd'
    Undefined global functions or variables:
     dnorm legend lines rbinom rnorm sd
    Consider adding
     importFrom("graphics", "legend", "lines")
     importFrom("stats", "dnorm", "rbinom", "rnorm", "sd")
    to your NAMESPACE file.
Flavors: r-devel-linux-x86_64-debian-clang, r-devel-linux-x86_64-debian-gcc, r-devel-linux-x86_64-fedora-clang, r-devel-linux-x86_64-fedora-gcc, r-devel-windows-x86_64, r-devel-windows-x86_64-gcc10-UCRT, r-patched-linux-x86_64, r-patched-solaris-x86, r-release-linux-x86_64, r-release-macos-arm64, r-release-macos-x86_64, r-release-windows-ix86+x86_64, r-oldrel-macos-x86_64, r-oldrel-windows-ix86+x86_64