CRAN Package Check Results for Package HMMmlselect

Last updated on 2021-10-28 00:48:47 CEST.

Flavor Version Tinstall Tcheck Ttotal Status Flags
r-devel-linux-x86_64-debian-clang 0.1.6 32.40 89.13 121.53 NOTE
r-devel-linux-x86_64-debian-gcc 0.1.6 24.47 69.04 93.51 NOTE
r-devel-linux-x86_64-fedora-clang 0.1.6 164.19 NOTE
r-devel-linux-x86_64-fedora-gcc 0.1.6 148.74 NOTE
r-devel-windows-x86_64 0.1.6 39.00 126.00 165.00 NOTE
r-devel-windows-x86_64-gcc10-UCRT 0.1.6 NOTE
r-patched-linux-x86_64 0.1.6 27.16 87.07 114.23 NOTE
r-patched-solaris-x86 0.1.6 217.50 NOTE
r-release-linux-x86_64 0.1.6 27.48 86.20 113.68 NOTE
r-release-macos-arm64 0.1.6 NOTE
r-release-macos-x86_64 0.1.6 NOTE
r-release-windows-ix86+x86_64 0.1.6 47.00 184.00 231.00 NOTE
r-oldrel-macos-x86_64 0.1.6 OK
r-oldrel-windows-ix86+x86_64 0.1.6 51.00 185.00 236.00 OK

Check Details

Version: 0.1.6
Check: LazyData
Result: NOTE
     'LazyData' is specified without a 'data' directory
Flavors: r-devel-linux-x86_64-debian-clang, r-devel-linux-x86_64-debian-gcc, r-devel-linux-x86_64-fedora-clang, r-devel-linux-x86_64-fedora-gcc, r-devel-windows-x86_64, r-devel-windows-x86_64-gcc10-UCRT, r-patched-linux-x86_64, r-patched-solaris-x86, r-release-linux-x86_64, r-release-macos-arm64, r-release-macos-x86_64, r-release-windows-ix86+x86_64