CRAN Package Check Results for Package HMP

Last updated on 2021-10-24 00:50:59 CEST.

Flavor Version Tinstall Tcheck Ttotal Status Flags
r-devel-linux-x86_64-debian-clang 2.0.1 11.84 107.06 118.90 OK
r-devel-linux-x86_64-debian-gcc 2.0.1 9.64 80.47 90.11 OK
r-devel-linux-x86_64-fedora-clang 2.0.1 150.80 NOTE
r-devel-linux-x86_64-fedora-gcc 2.0.1 136.76 OK
r-devel-windows-x86_64 2.0.1 19.00 142.00 161.00 OK
r-devel-windows-x86_64-gcc10-UCRT 2.0.1 OK
r-patched-linux-x86_64 2.0.1 10.74 101.33 112.07 OK
r-patched-solaris-x86 2.0.1 197.30 OK
r-release-linux-x86_64 2.0.1 12.46 100.92 113.38 OK
r-release-macos-arm64 2.0.1 OK
r-release-macos-x86_64 2.0.1 OK
r-release-windows-ix86+x86_64 2.0.1 18.00 140.00 158.00 OK
r-oldrel-macos-x86_64 2.0.1 OK
r-oldrel-windows-ix86+x86_64 2.0.1 27.00 139.00 166.00 OK

Check Details

Version: 2.0.1
Check: Rd cross-references
Result: NOTE
    Undeclared package ‘genalg’ in Rd xrefs
Flavor: r-devel-linux-x86_64-fedora-clang