CRAN Package Check Results for Package HSDiC

Last updated on 2021-10-25 00:49:13 CEST.

Flavor Version Tinstall Tcheck Ttotal Status Flags
r-devel-linux-x86_64-debian-clang 0.1 6.83 61.87 68.70 NOTE
r-devel-linux-x86_64-debian-gcc 0.1 5.78 48.60 54.38 NOTE
r-devel-linux-x86_64-fedora-clang 0.1 96.29 NOTE
r-devel-linux-x86_64-fedora-gcc 0.1 83.70 NOTE
r-devel-windows-x86_64 0.1 11.00 86.00 97.00 NOTE
r-devel-windows-x86_64-gcc10-UCRT 0.1 NOTE
r-patched-linux-x86_64 0.1 10.71 60.96 71.67 NOTE
r-patched-solaris-x86 0.1 125.40 NOTE
r-release-linux-x86_64 0.1 6.70 60.99 67.69 NOTE
r-release-macos-arm64 0.1 NOTE
r-release-macos-x86_64 0.1 NOTE
r-release-windows-ix86+x86_64 0.1 12.00 85.00 97.00 NOTE
r-oldrel-macos-x86_64 0.1 OK
r-oldrel-windows-ix86+x86_64 0.1 16.00 83.00 99.00 OK

Check Details

Version: 0.1
Check: LazyData
Result: NOTE
     'LazyData' is specified without a 'data' directory
Flavors: r-devel-linux-x86_64-debian-clang, r-devel-linux-x86_64-debian-gcc, r-devel-linux-x86_64-fedora-clang, r-devel-linux-x86_64-fedora-gcc, r-devel-windows-x86_64, r-devel-windows-x86_64-gcc10-UCRT, r-patched-linux-x86_64, r-patched-solaris-x86, r-release-linux-x86_64, r-release-macos-arm64, r-release-macos-x86_64, r-release-windows-ix86+x86_64