CRAN Package Check Results for Package HWEBayes

Last updated on 2021-10-25 00:49:13 CEST.

Flavor Version Tinstall Tcheck Ttotal Status Flags
r-devel-linux-x86_64-debian-clang 1.4 9.79 101.90 111.69 NOTE
r-devel-linux-x86_64-debian-gcc 1.4 7.61 77.96 85.57 NOTE
r-devel-linux-x86_64-fedora-clang 1.4 149.45 NOTE
r-devel-linux-x86_64-fedora-gcc 1.4 133.79 NOTE
r-devel-windows-x86_64 1.4 14.00 99.00 113.00 NOTE
r-devel-windows-x86_64-gcc10-UCRT 1.4 NOTE
r-patched-linux-x86_64 1.4 7.17 98.55 105.72 NOTE
r-patched-solaris-x86 1.4 198.90 NOTE
r-release-linux-x86_64 1.4 8.55 98.30 106.85 NOTE
r-release-macos-arm64 1.4 NOTE
r-release-macos-x86_64 1.4 NOTE
r-release-windows-ix86+x86_64 1.4 16.00 125.00 141.00 NOTE
r-oldrel-macos-x86_64 1.4 NOTE
r-oldrel-windows-ix86+x86_64 1.4 21.00 132.00 153.00 NOTE

Check Details

Version: 1.4
Check: DESCRIPTION meta-information
Result: NOTE
    Malformed Title field: should not end in a period.
Flavors: r-devel-linux-x86_64-debian-clang, r-devel-linux-x86_64-debian-gcc, r-devel-linux-x86_64-fedora-clang, r-devel-linux-x86_64-fedora-gcc, r-devel-windows-x86_64, r-devel-windows-x86_64-gcc10-UCRT, r-patched-linux-x86_64, r-patched-solaris-x86, r-release-linux-x86_64, r-release-macos-arm64, r-release-macos-x86_64, r-release-windows-ix86+x86_64, r-oldrel-macos-x86_64, r-oldrel-windows-ix86+x86_64

Version: 1.4
Check: R code for possible problems
Result: NOTE
    HWEImportSamp: no visible global function definition for 'dnorm'
    HWEImportSamp: no visible global function definition for 'rnorm'
    HWEmodelsMLE: no visible global function definition for 'optim'
    HWEsimdat: no visible global function definition for 'rmultinom'
    LambdaOptim: no visible global function definition for 'rnorm'
    LambdaOptim : LambdaPriorChoice: no visible global function definition
     for 'quantile'
    LambdaOptim: no visible global function definition for 'optim'
    SinglefPrior: no visible global function definition for 'rnorm'
    SinglefReject: no visible global function definition for 'runif'
    TriangNormHWE: no visible global function definition for 'pbeta'
    Undefined global functions or variables:
     dnorm optim pbeta quantile rmultinom rnorm runif
    Consider adding
     importFrom("stats", "dnorm", "optim", "pbeta", "quantile", "rmultinom",
     "rnorm", "runif")
    to your NAMESPACE file.
Flavors: r-devel-linux-x86_64-debian-clang, r-devel-linux-x86_64-debian-gcc, r-devel-linux-x86_64-fedora-clang, r-devel-linux-x86_64-fedora-gcc, r-devel-windows-x86_64, r-devel-windows-x86_64-gcc10-UCRT, r-patched-linux-x86_64, r-patched-solaris-x86, r-release-linux-x86_64, r-release-macos-arm64, r-release-macos-x86_64, r-release-windows-ix86+x86_64, r-oldrel-macos-x86_64, r-oldrel-windows-ix86+x86_64