CRAN Package Check Results for Package HierO

Last updated on 2021-10-28 00:48:46 CEST.

Flavor Version Tinstall Tcheck Ttotal Status Flags
r-devel-linux-x86_64-debian-clang 0.2 30.64 61.83 92.47 NOTE
r-devel-linux-x86_64-debian-gcc 0.2 22.01 47.82 69.83 NOTE
r-devel-linux-x86_64-fedora-clang 0.2 125.14 NOTE
r-devel-linux-x86_64-fedora-gcc 0.2 113.67 NOTE
r-devel-windows-x86_64 0.2 35.00 77.00 112.00 NOTE
r-devel-windows-x86_64-gcc10-UCRT 0.2 NOTE
r-patched-linux-x86_64 0.2 29.87 60.29 90.16 NOTE
r-patched-solaris-x86 0.2 162.90 NOTE
r-release-linux-x86_64 0.2 30.61 60.79 91.40 NOTE
r-release-macos-arm64 0.2 ERROR
r-release-macos-x86_64 0.2 ERROR
r-release-windows-ix86+x86_64 0.2 38.00 74.00 112.00 NOTE
r-oldrel-macos-x86_64 0.2 ERROR
r-oldrel-windows-ix86+x86_64 0.2 42.00 50.00 92.00 NOTE

Check Details

Version: 0.2
Check: package dependencies
Result: NOTE
    Package suggested but not available for checking: 'XMLRPC'
Flavors: r-devel-linux-x86_64-debian-clang, r-devel-linux-x86_64-debian-gcc, r-devel-windows-x86_64, r-devel-windows-x86_64-gcc10-UCRT, r-patched-linux-x86_64, r-patched-solaris-x86, r-release-linux-x86_64, r-release-macos-arm64, r-release-macos-x86_64, r-release-windows-ix86+x86_64, r-oldrel-macos-x86_64, r-oldrel-windows-ix86+x86_64

Version: 0.2
Check: R code for possible problems
Result: NOTE
    calcPower: no visible global function definition for 'pchisq'
    calcPower: no visible global function definition for 'qchisq'
    delta2 : K1: no visible global function definition for 'qnorm'
    delta2: no visible global function definition for 'qnorm'
    delta2: no visible global function definition for 'pnorm'
    delta2: no visible global function definition for 'dnorm'
    Undefined global functions or variables:
     dnorm pchisq pnorm qchisq qnorm
    Consider adding
     importFrom("stats", "dnorm", "pchisq", "pnorm", "qchisq", "qnorm")
    to your NAMESPACE file.
Flavors: r-devel-linux-x86_64-debian-clang, r-devel-linux-x86_64-debian-gcc, r-devel-linux-x86_64-fedora-clang, r-devel-linux-x86_64-fedora-gcc, r-devel-windows-x86_64, r-devel-windows-x86_64-gcc10-UCRT, r-patched-linux-x86_64, r-patched-solaris-x86, r-release-linux-x86_64, r-release-windows-ix86+x86_64, r-oldrel-windows-ix86+x86_64

Version: 0.2
Check: whether package can be installed
Result: ERROR
    Installation failed.
Flavors: r-release-macos-arm64, r-release-macos-x86_64, r-oldrel-macos-x86_64