CRAN Package Check Results for Package HydeNet

Last updated on 2021-10-21 00:49:47 CEST.

Flavor Version Tinstall Tcheck Ttotal Status Flags
r-devel-linux-x86_64-debian-clang 0.10.11 9.73 115.63 125.36 OK
r-devel-linux-x86_64-debian-gcc 0.10.11 8.08 87.09 95.17 OK
r-devel-linux-x86_64-fedora-clang 0.10.11 155.99 NOTE
r-devel-linux-x86_64-fedora-gcc 0.10.11 141.06 NOTE
r-devel-windows-x86_64 0.10.11 17.00 151.00 168.00 OK
r-devel-windows-x86_64-gcc10-UCRT 0.10.11 ERROR
r-patched-linux-x86_64 0.10.11 11.06 111.27 122.33 OK
r-patched-solaris-x86 0.10.11 186.10 NOTE
r-release-linux-x86_64 0.10.11 10.06 111.93 121.99 OK
r-release-macos-arm64 0.10.11 NOTE
r-release-macos-x86_64 0.10.11 NOTE
r-release-windows-ix86+x86_64 0.10.11 21.00 152.00 173.00 OK
r-oldrel-macos-x86_64 0.10.11 NOTE
r-oldrel-windows-ix86+x86_64 0.10.11 23.00 150.00 173.00 OK

Check Details

Version: 0.10.11
Check: dependencies in R code
Result: NOTE
    Namespace in Imports field not imported from: ‘graph’
     All declared Imports should be used.
Flavors: r-devel-linux-x86_64-fedora-clang, r-devel-linux-x86_64-fedora-gcc, r-patched-solaris-x86, r-release-macos-arm64, r-release-macos-x86_64, r-oldrel-macos-x86_64

Version: 0.10.11
Check: package dependencies
Result: ERROR
    Package required but not available: 'DiagrammeR'
    
    See section 'The DESCRIPTION file' in the 'Writing R Extensions'
    manual.
Flavor: r-devel-windows-x86_64-gcc10-UCRT