CRAN Package Check Results for Package IDE

Last updated on 2021-10-17 00:48:39 CEST.

Flavor Version Tinstall Tcheck Ttotal Status Flags
r-devel-linux-x86_64-debian-clang 0.3.0 17.11 173.65 190.76 NOTE
r-devel-linux-x86_64-debian-gcc 0.3.0 13.95 128.74 142.69 NOTE
r-devel-linux-x86_64-fedora-clang 0.3.0 243.48 NOTE
r-devel-linux-x86_64-fedora-gcc 0.3.0 231.75 NOTE
r-devel-windows-x86_64 0.3.0 33.00 157.00 190.00 NOTE
r-devel-windows-x86_64-gcc10-UCRT 0.3.0 NOTE
r-patched-linux-x86_64 0.3.0 16.70 164.45 181.15 NOTE
r-patched-solaris-x86 0.3.0 344.60 NOTE
r-release-linux-x86_64 0.3.0 16.32 164.14 180.46 NOTE
r-release-macos-arm64 0.3.0 NOTE
r-release-macos-x86_64 0.3.0 NOTE
r-release-windows-ix86+x86_64 0.3.0 33.00 212.00 245.00 NOTE
r-oldrel-macos-x86_64 0.3.0 OK
r-oldrel-windows-ix86+x86_64 0.3.0 46.00 209.00 255.00 OK

Check Details

Version: 0.3.0
Check: LazyData
Result: NOTE
     'LazyData' is specified without a 'data' directory
Flavors: r-devel-linux-x86_64-debian-clang, r-devel-linux-x86_64-debian-gcc, r-devel-linux-x86_64-fedora-clang, r-devel-linux-x86_64-fedora-gcc, r-devel-windows-x86_64, r-devel-windows-x86_64-gcc10-UCRT, r-patched-linux-x86_64, r-patched-solaris-x86, r-release-linux-x86_64, r-release-macos-arm64, r-release-macos-x86_64, r-release-windows-ix86+x86_64