Last updated on 2023-10-01 00:54:30 CEST.
Flavor | Version | Tinstall | Tcheck | Ttotal | Status | Flags |
---|---|---|---|---|---|---|
r-devel-linux-x86_64-debian-clang | 0.2.1 | 72.24 | 169.57 | 241.81 | NOTE | |
r-devel-linux-x86_64-debian-gcc | 0.2.1 | 58.42 | 123.40 | 181.82 | NOTE | |
r-devel-linux-x86_64-fedora-clang | 0.2.1 | 328.65 | NOTE | |||
r-devel-linux-x86_64-fedora-gcc | 0.2.1 | 322.29 | NOTE | |||
r-devel-windows-x86_64 | 0.2.1 | 60.00 | 181.00 | 241.00 | NOTE | |
r-patched-linux-x86_64 | 0.2.1 | 55.50 | 161.01 | 216.51 | NOTE | |
r-release-linux-x86_64 | 0.2.1 | 53.01 | 164.81 | 217.82 | NOTE | |
r-release-macos-arm64 | 0.2.1 | 78.00 | NOTE | |||
r-release-macos-x86_64 | 0.2.1 | 149.00 | NOTE | |||
r-release-windows-x86_64 | 0.2.1 | 80.00 | 207.00 | 287.00 | NOTE | |
r-oldrel-macos-arm64 | 0.2.1 | 69.00 | NOTE | |||
r-oldrel-macos-x86_64 | 0.2.1 | 100.00 | NOTE | |||
r-oldrel-windows-x86_64 | 0.2.1 | 80.00 | 158.00 | 238.00 | NOTE |
Version: 0.2.1
Check: package dependencies
Result: NOTE
Package suggested but not available for checking: ‘IFCdata’
Flavors: r-devel-linux-x86_64-debian-clang, r-devel-linux-x86_64-debian-gcc, r-devel-linux-x86_64-fedora-clang, r-devel-linux-x86_64-fedora-gcc, r-devel-windows-x86_64, r-patched-linux-x86_64, r-release-linux-x86_64, r-release-macos-arm64, r-release-macos-x86_64, r-release-windows-x86_64, r-oldrel-macos-arm64, r-oldrel-macos-x86_64, r-oldrel-windows-x86_64
Version: 0.2.1
Check: installed package size
Result: NOTE
installed size is 6.5Mb
sub-directories of 1Mb or more:
R 1.1Mb
libs 4.6Mb
Flavors: r-release-macos-arm64, r-release-macos-x86_64, r-oldrel-macos-arm64, r-oldrel-macos-x86_64