CRAN Package Check Results for Package IGP

Last updated on 2018-07-23 00:51:11 CEST.

Flavor Version Tinstall Tcheck Ttotal Status Flags
r-devel-linux-x86_64-debian-clang 0.1.0 6.77 37.94 44.71 OK
r-devel-linux-x86_64-debian-gcc 0.1.0 4.96 29.59 34.55 OK
r-devel-linux-x86_64-fedora-clang 0.1.0 1.63 ERROR
r-devel-linux-x86_64-fedora-gcc 0.1.0 51.03 OK
r-devel-windows-ix86+x86_64 0.1.0 11.00 70.00 81.00 OK
r-patched-linux-x86_64 0.1.0 OK
r-patched-solaris-x86 0.1.0 3.00 ERROR
r-release-linux-x86_64 0.1.0 6.70 36.22 42.92 OK
r-release-windows-ix86+x86_64 0.1.0 7.00 45.00 52.00 OK
r-release-osx-x86_64 0.1.0 OK
r-oldrel-windows-ix86+x86_64 0.1.0 3.00 75.00 78.00 OK
r-oldrel-osx-x86_64 0.1.0 OK

Check Details

Version: 0.1.0
Check: package dependencies
Result: ERROR
    Package required but not available: ‘PythonInR’
    
    See section ‘The DESCRIPTION file’ in the ‘Writing R Extensions’
    manual.
Flavors: r-devel-linux-x86_64-fedora-clang, r-patched-solaris-x86