CRAN Package Check Results for Package IGP

Last updated on 2018-10-19 00:50:06 CEST.

Flavor Version Tinstall Tcheck Ttotal Status Flags
r-devel-linux-x86_64-debian-clang 0.1.0 8.24 39.26 47.50 OK
r-devel-linux-x86_64-debian-gcc 0.1.0 6.77 30.76 37.53 OK
r-devel-linux-x86_64-fedora-clang 0.1.0 56.66 OK
r-devel-linux-x86_64-fedora-gcc 0.1.0 55.37 OK
r-devel-windows-ix86+x86_64 0.1.0 14.00 64.00 78.00 OK
r-patched-linux-x86_64 0.1.0 8.94 36.11 45.05 OK
r-patched-solaris-x86 0.1.0 3.10 ERROR
r-release-linux-x86_64 0.1.0 7.21 36.34 43.55 OK
r-release-windows-ix86+x86_64 0.1.0 10.00 63.00 73.00 OK
r-release-osx-x86_64 0.1.0 OK
r-oldrel-windows-ix86+x86_64 0.1.0 2.00 47.00 49.00 OK
r-oldrel-osx-x86_64 0.1.0 OK

Check Details

Version: 0.1.0
Check: package dependencies
Result: ERROR
    Package required but not available: ‘PythonInR’
    
    See section ‘The DESCRIPTION file’ in the ‘Writing R Extensions’
    manual.
Flavor: r-patched-solaris-x86