CRAN Package Check Results for Package IGP

Last updated on 2018-01-24 00:47:00 CET.

Flavor Version Tinstall Tcheck Ttotal Status Flags
r-devel-linux-x86_64-debian-clang 0.1.0 1.09 41.87 42.96 OK
r-devel-linux-x86_64-debian-gcc 0.1.0 0.94 32.92 33.86 OK
r-devel-linux-x86_64-fedora-clang 0.1.0 54.92 OK
r-devel-linux-x86_64-fedora-gcc 0.1.0 51.42 OK
r-devel-windows-ix86+x86_64 0.1.0 4.00 67.00 71.00 OK
r-patched-linux-x86_64 0.1.0 1.24 43.14 44.38 OK
r-patched-solaris-x86 0.1.0 3.40 ERROR
r-release-linux-x86_64 0.1.0 1.08 41.44 42.52 OK
r-release-windows-ix86+x86_64 0.1.0 2.00 75.00 77.00 OK
r-release-osx-x86_64 0.1.0 OK
r-oldrel-windows-ix86+x86_64 0.1.0 5.00 67.00 72.00 OK
r-oldrel-osx-x86_64 0.1.0 OK

Check Details

Version: 0.1.0
Check: package dependencies
Result: ERROR
    Package required but not available: ‘PythonInR’
    
    See section ‘The DESCRIPTION file’ in the ‘Writing R Extensions’
    manual.
Flavor: r-patched-solaris-x86