CRAN Package Check Results for Package ILSE

Last updated on 2024-06-15 00:54:08 CEST.

Flavor Version Tinstall Tcheck Ttotal Status Flags
r-devel-linux-x86_64-debian-clang 1.1.7 39.46 43.07 82.53 NOTE
r-devel-linux-x86_64-debian-gcc 1.1.7 29.10 33.79 62.89 NOTE
r-devel-linux-x86_64-fedora-clang 1.1.7 116.49 NOTE
r-devel-linux-x86_64-fedora-gcc 1.1.7 133.45 NOTE
r-devel-windows-x86_64 1.1.7 32.00 75.00 107.00 NOTE
r-patched-linux-x86_64 1.1.7 33.52 41.51 75.03 NOTE
r-release-linux-x86_64 1.1.7 37.22 42.50 79.72 NOTE
r-release-macos-arm64 1.1.7 38.00 NOTE
r-release-macos-x86_64 1.1.7 56.00 NOTE
r-release-windows-x86_64 1.1.7 31.00 76.00 107.00 NOTE
r-oldrel-macos-arm64 1.1.7 41.00 NOTE
r-oldrel-macos-x86_64 1.1.7 63.00 NOTE
r-oldrel-windows-x86_64 1.1.7 40.00 88.00 128.00 NOTE

Check Details

Version: 1.1.7
Check: C++ specification
Result: NOTE Specified C++11: please drop specification unless essential Flavors: r-devel-linux-x86_64-debian-clang, r-devel-linux-x86_64-debian-gcc, r-devel-linux-x86_64-fedora-clang, r-devel-linux-x86_64-fedora-gcc, r-devel-windows-x86_64, r-patched-linux-x86_64, r-release-linux-x86_64, r-release-macos-arm64, r-release-macos-x86_64, r-release-windows-x86_64, r-oldrel-macos-arm64, r-oldrel-macos-x86_64, r-oldrel-windows-x86_64

Version: 1.1.7
Check: Rd files
Result: NOTE checkRd: (-1) cor.mat.Rd:17: Lost braces; missing escapes or markup? 17 | The argument rho specify the size of correlation coeffient. As for argument type, if type='toeplitz', sigma_ij=rho^{|i-j|}; if type ='identity', sigma_{ij}=rho when i!=j and sigma_{ij}=1 when i=j. | ^ checkRd: (-1) cor.mat.Rd:17: Lost braces; missing escapes or markup? 17 | The argument rho specify the size of correlation coeffient. As for argument type, if type='toeplitz', sigma_ij=rho^{|i-j|}; if type ='identity', sigma_{ij}=rho when i!=j and sigma_{ij}=1 when i=j. | ^ checkRd: (-1) cor.mat.Rd:17: Lost braces; missing escapes or markup? 17 | The argument rho specify the size of correlation coeffient. As for argument type, if type='toeplitz', sigma_ij=rho^{|i-j|}; if type ='identity', sigma_{ij}=rho when i!=j and sigma_{ij}=1 when i=j. | ^ checkRd: (-1) cov.mat.Rd:17: Lost braces; missing escapes or markup? 17 | The argument rho specify the size of correlation coeffient. As for argument type, if type='toeplitz', sigma_ij=rho^{|i-j|}; if type ='identity', sigma_{ij}=rho when i!=j and sigma_{ij}=1 when i=j. | ^ checkRd: (-1) cov.mat.Rd:17: Lost braces; missing escapes or markup? 17 | The argument rho specify the size of correlation coeffient. As for argument type, if type='toeplitz', sigma_ij=rho^{|i-j|}; if type ='identity', sigma_{ij}=rho when i!=j and sigma_{ij}=1 when i=j. | ^ checkRd: (-1) cov.mat.Rd:17: Lost braces; missing escapes or markup? 17 | The argument rho specify the size of correlation coeffient. As for argument type, if type='toeplitz', sigma_ij=rho^{|i-j|}; if type ='identity', sigma_{ij}=rho when i!=j and sigma_{ij}=1 when i=j. | ^ checkRd: (-1) nhanes.Rd:9: Lost braces; missing escapes or markup? 9 | age: {Age group (1=20-39, 2=40-59, 3=60+).} | ^ checkRd: (-1) nhanes.Rd:11: Lost braces; missing escapes or markup? 11 | {bmi: }{Body mass index (kg/m**2).} | ^ checkRd: (-1) nhanes.Rd:11: Lost braces 11 | {bmi: }{Body mass index (kg/m**2).} | ^ checkRd: (-1) nhanes.Rd:13: Lost braces; missing escapes or markup? 13 | {hyp: }{Hypertensive (1=no,2=yes).} | ^ checkRd: (-1) nhanes.Rd:13: Lost braces 13 | {hyp: }{Hypertensive (1=no,2=yes).} | ^ checkRd: (-1) nhanes.Rd:15: Lost braces; missing escapes or markup? 15 | {chl: }{Total serum cholesterol (mg/dL).} | ^ checkRd: (-1) nhanes.Rd:15: Lost braces 15 | {chl: }{Total serum cholesterol (mg/dL).} | ^ Flavors: r-devel-linux-x86_64-debian-clang, r-devel-linux-x86_64-debian-gcc, r-devel-linux-x86_64-fedora-clang, r-devel-linux-x86_64-fedora-gcc, r-devel-windows-x86_64, r-patched-linux-x86_64, r-release-linux-x86_64, r-release-macos-arm64, r-release-macos-x86_64, r-release-windows-x86_64