CRAN Package Check Results for Package IMD

Last updated on 2023-10-03 01:04:53 CEST.

Flavor Version Tinstall Tcheck Ttotal Status Flags
r-devel-linux-x86_64-debian-clang 1.2.2 7.85 42.14 49.99 OK
r-devel-linux-x86_64-debian-gcc 1.2.2 5.14 32.91 38.05 OK
r-devel-linux-x86_64-fedora-clang 1.2.2 62.58 NOTE
r-devel-linux-x86_64-fedora-gcc 1.2.2 64.07 NOTE
r-devel-windows-x86_64 1.2.2 9.00 61.00 70.00 OK
r-patched-linux-x86_64 1.2.2 5.56 41.21 46.77 OK
r-release-linux-x86_64 1.2.2 5.79 41.26 47.05 OK
r-release-macos-arm64 1.2.2 27.00 OK
r-release-macos-x86_64 1.2.2 39.00 NOTE
r-release-windows-x86_64 1.2.2 11.00 65.00 76.00 OK
r-oldrel-macos-arm64 1.2.2 27.00 NOTE
r-oldrel-macos-x86_64 1.2.2 35.00 NOTE
r-oldrel-windows-x86_64 1.2.2 11.00 60.00 71.00 OK

Check Details

Version: 1.2.2
Check: data for non-ASCII characters
Result: NOTE
     Note: found 2 marked UTF-8 strings
Flavors: r-devel-linux-x86_64-fedora-clang, r-devel-linux-x86_64-fedora-gcc, r-oldrel-macos-arm64, r-oldrel-macos-x86_64

Version: 1.2.2
Check: installed package size
Result: NOTE
     installed size is 5.8Mb
     sub-directories of 1Mb or more:
     data 5.5Mb
Flavor: r-release-macos-x86_64