CRAN Package Check Results for Package IMEC

Last updated on 2024-07-13 00:55:27 CEST.

Flavor Version Tinstall Tcheck Ttotal Status Flags
r-devel-linux-x86_64-debian-clang 0.2.0 2.76 67.79 70.55 NOTE
r-devel-linux-x86_64-debian-gcc 0.2.0 2.07 48.60 50.67 NOTE
r-devel-linux-x86_64-fedora-clang 0.2.0 88.83 NOTE
r-devel-linux-x86_64-fedora-gcc 0.2.0 84.03 NOTE
r-devel-windows-x86_64 0.2.0 4.00 70.00 74.00 NOTE
r-patched-linux-x86_64 0.2.0 1.75 67.11 68.86 NOTE
r-release-linux-x86_64 0.2.0 1.65 64.35 66.00 NOTE
r-release-macos-arm64 0.2.0 37.00 NOTE
r-release-macos-x86_64 0.2.0 43.00 NOTE
r-release-windows-x86_64 0.2.0 4.00 74.00 78.00 NOTE
r-oldrel-macos-arm64 0.2.0 38.00 NOTE
r-oldrel-macos-x86_64 0.2.0 64.00 NOTE
r-oldrel-windows-x86_64 0.2.0 5.00 80.00 85.00 NOTE

Check Details

Version: 0.2.0
Check: LazyData
Result: NOTE 'LazyData' is specified without a 'data' directory Flavors: r-devel-linux-x86_64-debian-clang, r-devel-linux-x86_64-debian-gcc, r-devel-linux-x86_64-fedora-clang, r-devel-linux-x86_64-fedora-gcc, r-devel-windows-x86_64, r-patched-linux-x86_64, r-release-linux-x86_64, r-release-macos-arm64, r-release-macos-x86_64, r-release-windows-x86_64, r-oldrel-macos-arm64, r-oldrel-macos-x86_64, r-oldrel-windows-x86_64