CRAN Package Check Results for Package IMEC

Last updated on 2025-01-21 00:48:29 CET.

Flavor Version Tinstall Tcheck Ttotal Status Flags
r-devel-linux-x86_64-debian-clang 0.2.0 2.05 52.23 54.28 OK
r-devel-linux-x86_64-debian-gcc 0.2.0 1.57 37.60 39.17 OK
r-devel-linux-x86_64-fedora-clang 0.2.0 90.88 OK
r-devel-linux-x86_64-fedora-gcc 0.2.0 85.83 OK
r-devel-windows-x86_64 0.2.0 3.00 72.00 75.00 OK
r-patched-linux-x86_64 0.2.0 2.16 48.38 50.54 NOTE
r-release-linux-x86_64 0.2.0 1.97 48.04 50.01 NOTE
r-release-macos-arm64 0.2.0 37.00 NOTE
r-release-macos-x86_64 0.2.0 43.00 NOTE
r-release-windows-x86_64 0.2.0 4.00 72.00 76.00 NOTE
r-oldrel-macos-arm64 0.2.0 38.00 NOTE
r-oldrel-macos-x86_64 0.2.0 64.00 NOTE
r-oldrel-windows-x86_64 0.2.0 4.00 82.00 86.00 NOTE

Check Details

Version: 0.2.0
Check: LazyData
Result: NOTE 'LazyData' is specified without a 'data' directory Flavors: r-patched-linux-x86_64, r-release-linux-x86_64, r-release-macos-arm64, r-release-macos-x86_64, r-release-windows-x86_64, r-oldrel-macos-arm64, r-oldrel-macos-x86_64, r-oldrel-windows-x86_64