CRAN Package Check Results for Package ISCO08ConveRsions

Last updated on 2021-10-17 00:48:40 CEST.

Flavor Version Tinstall Tcheck Ttotal Status Flags
r-devel-linux-x86_64-debian-clang 0.1.0 4.83 29.68 34.51 NOTE
r-devel-linux-x86_64-debian-gcc 0.1.0 3.10 22.82 25.92 NOTE
r-devel-linux-x86_64-fedora-clang 0.1.0 51.78 NOTE
r-devel-linux-x86_64-fedora-gcc 0.1.0 43.19 NOTE
r-devel-windows-x86_64 0.1.0 6.00 30.00 36.00 NOTE
r-devel-windows-x86_64-gcc10-UCRT 0.1.0 NOTE
r-patched-linux-x86_64 0.1.0 4.45 29.37 33.82 NOTE
r-patched-solaris-x86 0.1.0 56.90 NOTE
r-release-linux-x86_64 0.1.0 3.81 29.21 33.02 NOTE
r-release-macos-arm64 0.1.0 NOTE
r-release-macos-x86_64 0.1.0 NOTE
r-release-windows-ix86+x86_64 0.1.0 8.00 38.00 46.00 NOTE
r-oldrel-macos-x86_64 0.1.0 OK
r-oldrel-windows-ix86+x86_64 0.1.0 9.00 37.00 46.00 OK

Check Details

Version: 0.1.0
Check: LazyData
Result: NOTE
     'LazyData' is specified without a 'data' directory
Flavors: r-devel-linux-x86_64-debian-clang, r-devel-linux-x86_64-debian-gcc, r-devel-linux-x86_64-fedora-clang, r-devel-linux-x86_64-fedora-gcc, r-devel-windows-x86_64, r-devel-windows-x86_64-gcc10-UCRT, r-patched-linux-x86_64, r-patched-solaris-x86, r-release-linux-x86_64, r-release-macos-arm64, r-release-macos-x86_64, r-release-windows-ix86+x86_64